Last updated on 2025-04-29 13:51:24 CEST.
Flavor | Version | Tinstall | Tcheck | Ttotal | Status | Flags |
---|---|---|---|---|---|---|
r-devel-linux-x86_64-debian-clang | 1.1 | 2.23 | 21.10 | 23.33 | NOTE | |
r-devel-linux-x86_64-debian-gcc | 1.1 | 1.78 | 17.08 | 18.86 | NOTE | |
r-devel-linux-x86_64-fedora-clang | 1.1 | 37.29 | OK | |||
r-devel-linux-x86_64-fedora-gcc | 1.1 | 36.58 | OK | |||
r-devel-windows-x86_64 | 1.1 | 3.00 | 45.00 | 48.00 | OK | |
r-patched-linux-x86_64 | 1.1 | 2.39 | 20.44 | 22.83 | OK | |
r-release-linux-x86_64 | 1.1 | 2.18 | 20.40 | 22.58 | OK | |
r-release-macos-arm64 | 1.1 | 18.00 | OK | |||
r-release-macos-x86_64 | 1.1 | 34.00 | OK | |||
r-release-windows-x86_64 | 1.1 | 4.00 | 45.00 | 49.00 | OK | |
r-oldrel-macos-arm64 | 1.1 | 15.00 | OK | |||
r-oldrel-macos-x86_64 | 1.1 | 24.00 | OK | |||
r-oldrel-windows-x86_64 | 1.1 | 4.00 | 45.00 | 49.00 | OK |
Version: 1.1
Check: CRAN incoming feasibility
Result: NOTE
Maintainer: ‘Yao Lin <zaiyaolin@gmail.com>’
No Authors@R field in DESCRIPTION.
Please add one, modifying
Authors@R: c(person(given = "Tzu-Yao",
family = "Lin",
role = "aut"),
person(given = "Yao",
family = "Lin",
role = "cre",
email = "zaiyaolin@gmail.com"))
as necessary.
Flavors: r-devel-linux-x86_64-debian-clang, r-devel-linux-x86_64-debian-gcc