Last updated on 2025-05-17 13:49:37 CEST.
Flavor | Version | Tinstall | Tcheck | Ttotal | Status | Flags |
---|---|---|---|---|---|---|
r-devel-linux-x86_64-debian-clang | 1.0.1 | 3.97 | 268.83 | 272.80 | OK | |
r-devel-linux-x86_64-debian-gcc | 1.0.1 | 3.15 | 186.64 | 189.79 | OK | |
r-devel-linux-x86_64-fedora-clang | 1.0.1 | 401.76 | OK | |||
r-devel-linux-x86_64-fedora-gcc | 1.0.1 | 443.71 | OK | |||
r-devel-windows-x86_64 | 1.0.1 | 10.00 | 323.00 | 333.00 | OK | |
r-patched-linux-x86_64 | 1.0.1 | 4.55 | 260.49 | 265.04 | OK | |
r-release-linux-x86_64 | 1.0.1 | 4.16 | 259.86 | 264.02 | OK | |
r-release-macos-arm64 | 1.0.1 | 147.00 | OK | |||
r-release-macos-x86_64 | 1.0.1 | 329.00 | OK | |||
r-release-windows-x86_64 | 1.0.1 | 11.00 | 308.00 | 319.00 | OK | |
r-oldrel-macos-arm64 | 1.0.1 | 138.00 | NOTE | |||
r-oldrel-macos-x86_64 | 1.0.1 | 331.00 | NOTE | |||
r-oldrel-windows-x86_64 | 1.0.1 | 12.00 | 398.00 | 410.00 | NOTE |
Version: 1.0.1
Check: installed package size
Result: NOTE
installed size is 9.4Mb
sub-directories of 1Mb or more:
doc 1.1Mb
extdata 8.2Mb
Flavors: r-oldrel-macos-arm64, r-oldrel-macos-x86_64, r-oldrel-windows-x86_64