Last updated on 2025-04-29 13:51:24 CEST.
Flavor | Version | Tinstall | Tcheck | Ttotal | Status | Flags |
---|---|---|---|---|---|---|
r-devel-linux-x86_64-debian-clang | 1.0.5 | 4.24 | 33.55 | 37.79 | NOTE | |
r-devel-linux-x86_64-debian-gcc | 1.0.5 | 2.89 | 23.86 | 26.75 | OK | |
r-devel-linux-x86_64-fedora-clang | 1.0.5 | 59.52 | OK | |||
r-devel-linux-x86_64-fedora-gcc | 1.0.5 | 58.51 | OK | |||
r-devel-windows-x86_64 | 1.0.5 | 4.00 | 53.00 | 57.00 | OK | |
r-patched-linux-x86_64 | 1.0.5 | 4.35 | 31.72 | 36.07 | OK | |
r-release-linux-x86_64 | 1.0.5 | 3.90 | 31.88 | 35.78 | OK | |
r-release-macos-arm64 | 1.0.5 | 19.00 | OK | |||
r-release-macos-x86_64 | 1.0.5 | 32.00 | OK | |||
r-release-windows-x86_64 | 1.0.5 | 5.00 | 52.00 | 57.00 | OK | |
r-oldrel-macos-arm64 | 1.0.5 | 18.00 | OK | |||
r-oldrel-macos-x86_64 | 1.0.5 | 29.00 | OK | |||
r-oldrel-windows-x86_64 | 1.0.5 | 4.00 | 52.00 | 56.00 | OK |
Version: 1.0.5
Check: examples
Result: NOTE
Examples with CPU (user + system) or elapsed time > 5s
user system elapsed
robustComponents 3.674 0.011 5.072
Flavor: r-devel-linux-x86_64-debian-clang