CRAN Package Check Results for Package GIplot

Last updated on 2025-04-29 13:51:25 CEST.

Flavor Version Tinstall Tcheck Ttotal Status Flags
r-devel-linux-x86_64-debian-clang 0.1.0 1.88 17.02 18.90 NOTE
r-devel-linux-x86_64-debian-gcc 0.1.0 1.48 13.75 15.23 NOTE
r-devel-linux-x86_64-fedora-clang 0.1.0 28.96 OK
r-devel-linux-x86_64-fedora-gcc 0.1.0 27.93 OK
r-devel-windows-x86_64 0.1.0 2.00 34.00 36.00 OK
r-patched-linux-x86_64 0.1.0 1.83 16.39 18.22 OK
r-release-linux-x86_64 0.1.0 1.69 16.22 17.91 OK
r-release-macos-arm64 0.1.0 16.00 OK
r-release-macos-x86_64 0.1.0 22.00 OK
r-release-windows-x86_64 0.1.0 4.00 34.00 38.00 OK
r-oldrel-macos-arm64 0.1.0 14.00 OK
r-oldrel-macos-x86_64 0.1.0 19.00 OK
r-oldrel-windows-x86_64 0.1.0 2.00 34.00 36.00 OK

Check Details

Version: 0.1.0
Check: CRAN incoming feasibility
Result: NOTE Maintainer: ‘Siddhanta Phuyal <siddhantaphuyal7159@gmail.com>’ No Authors@R field in DESCRIPTION. Please add one, modifying Authors@R: c(person(given = c("Siddhanta", "Phuyal", "Mamunur", "Rashid", "<mrashid@depauw.edu>", "Jyotirmoy", "Sarkar"), family = "<jsarkar@iupui.edu>", role = "aut", email = "jsarkar@iupui.edu"), person(given = "Siddhanta", family = "Phuyal", role = "cre", email = "siddhantaphuyal7159@gmail.com")) as necessary. Flavors: r-devel-linux-x86_64-debian-clang, r-devel-linux-x86_64-debian-gcc