CRAN Package Check Results for Package GK2011

Last updated on 2025-11-16 12:49:32 CET.

Flavor Version Tinstall Tcheck Ttotal Status Flags
r-devel-linux-x86_64-debian-clang 0.1.3 1.55 28.46 30.01 NOTE
r-devel-linux-x86_64-debian-gcc 0.1.3 1.33 22.42 23.75 NOTE
r-devel-linux-x86_64-fedora-clang 0.1.3 42.47 OK
r-devel-linux-x86_64-fedora-gcc 0.1.3 43.24 OK
r-devel-windows-x86_64 0.1.3 5.00 48.00 53.00 OK
r-patched-linux-x86_64 0.1.3 1.65 25.82 27.47 OK
r-release-linux-x86_64 0.1.3 1.45 25.76 27.21 OK
r-release-macos-arm64 0.1.3 1.00 19.00 20.00 OK
r-release-macos-x86_64 0.1.3 2.00 30.00 32.00 OK
r-release-windows-x86_64 0.1.3 4.00 47.00 51.00 OK
r-oldrel-macos-arm64 0.1.3 1.00 17.00 18.00 OK
r-oldrel-macos-x86_64 0.1.3 2.00 35.00 37.00 OK
r-oldrel-windows-x86_64 0.1.3 3.00 55.00 58.00 OK

Check Details

Version: 0.1.3
Check: CRAN incoming feasibility
Result: NOTE Maintainer: ‘Thomas J. Leeper <thosjleeper@gmail.com>’ Package CITATION file contains call(s) to old-style personList() or as.personList(). Please use c() on person objects instead. Package CITATION file contains call(s) to old-style citEntry(). Please use bibentry() instead. Flavors: r-devel-linux-x86_64-debian-clang, r-devel-linux-x86_64-debian-gcc