CRAN Package Check Results for Package GLMsData

Last updated on 2025-04-29 13:51:25 CEST.

Flavor Version Tinstall Tcheck Ttotal Status Flags
r-devel-linux-x86_64-debian-clang 1.4 2.15 53.96 56.11 NOTE
r-devel-linux-x86_64-debian-gcc 1.4 1.87 42.27 44.14 NOTE
r-devel-linux-x86_64-fedora-clang 1.4 86.65 NOTE
r-devel-linux-x86_64-fedora-gcc 1.4 87.77 NOTE
r-devel-windows-x86_64 1.4 4.00 97.00 101.00 NOTE
r-patched-linux-x86_64 1.4 4.48 52.19 56.67 NOTE
r-release-linux-x86_64 1.4 2.18 52.06 54.24 NOTE
r-release-macos-arm64 1.4 35.00 NOTE
r-release-macos-x86_64 1.4 54.00 NOTE
r-release-windows-x86_64 1.4 5.00 99.00 104.00 NOTE
r-oldrel-macos-arm64 1.4 33.00 NOTE
r-oldrel-macos-x86_64 1.4 47.00 NOTE
r-oldrel-windows-x86_64 1.4 5.00 92.00 97.00 NOTE

Check Details

Version: 1.4
Check: CRAN incoming feasibility
Result: NOTE Maintainer: ‘Peter K. Dunn <pdunn2@usc.edu.au>’ No Authors@R field in DESCRIPTION. Please add one, modifying Authors@R: c(person(given = c("Peter", "K."), family = "Dunn", role = c("cre", "aut"), email = "pdunn2@usc.edu.au"), person(given = c("Gordon", "K."), family = "Smyth", role = "aut")) as necessary. Flavors: r-devel-linux-x86_64-debian-clang, r-devel-linux-x86_64-debian-gcc

Version: 1.4
Check: Rd files
Result: NOTE checkRd: (-1) ccancer.Rd:16: Lost braces 16 | a factor with levels either \\code{F} (female) or code{M} (male)} | ^ checkRd: (-1) ccancer.Rd:16: Lost braces 16 | a factor with levels either \\code{F} (female) or code{M} (male)} | ^ checkRd: (-1) galapagos.Rd:4: Lost braces 4 | \title{{Gal\'{a}pagos} Island species data} | ^ checkRd: (-1) galapagos.Rd:6: Lost braces 6 | The number of species on the {Gal\'{a}pagos} Islands | ^ checkRd: (-1) galapagos.Rd:6: Lost braces 6 | The number of species on the {Gal\'{a}pagos} Islands | ^ checkRd: (-1) galapagos.Rd:40: Lost braces 40 | {Gal\'{a}pagos} (the endemics). | ^ checkRd: (-1) galapagos.Rd:40: Lost braces 40 | {Gal\'{a}pagos} (the endemics). | ^ checkRd: (-1) galapagos.Rd:44: Lost braces 44 | Species number and endemism: The {Gal\'{a}pagos} Archipelago revisited. | ^ Flavors: r-devel-linux-x86_64-debian-clang, r-devel-linux-x86_64-debian-gcc, r-devel-linux-x86_64-fedora-clang, r-devel-linux-x86_64-fedora-gcc, r-devel-windows-x86_64, r-patched-linux-x86_64, r-release-linux-x86_64, r-release-macos-arm64, r-release-macos-x86_64, r-release-windows-x86_64, r-oldrel-macos-arm64, r-oldrel-macos-x86_64, r-oldrel-windows-x86_64