Last updated on 2025-04-29 13:51:25 CEST.
Flavor | Version | Tinstall | Tcheck | Ttotal | Status | Flags |
---|---|---|---|---|---|---|
r-devel-linux-x86_64-debian-clang | 3.1 | 2.00 | 22.50 | 24.50 | NOTE | |
r-devel-linux-x86_64-debian-gcc | 3.1 | 1.71 | 17.81 | 19.52 | NOTE | |
r-devel-linux-x86_64-fedora-clang | 3.1 | 39.15 | OK | |||
r-devel-linux-x86_64-fedora-gcc | 3.1 | 39.17 | OK | |||
r-devel-windows-x86_64 | 3.1 | 3.00 | 42.00 | 45.00 | OK | |
r-patched-linux-x86_64 | 3.1 | 1.95 | 22.08 | 24.03 | OK | |
r-release-linux-x86_64 | 3.1 | 1.87 | 21.81 | 23.68 | OK | |
r-release-macos-arm64 | 3.1 | 17.00 | OK | |||
r-release-macos-x86_64 | 3.1 | 27.00 | OK | |||
r-release-windows-x86_64 | 3.1 | 4.00 | 43.00 | 47.00 | OK | |
r-oldrel-macos-arm64 | 3.1 | 16.00 | OK | |||
r-oldrel-macos-x86_64 | 3.1 | 23.00 | OK | |||
r-oldrel-windows-x86_64 | 3.1 | 3.00 | 42.00 | 45.00 | OK |
Version: 3.1
Check: CRAN incoming feasibility
Result: NOTE
Maintainer: ‘Jiebiao Wang <randel.wang@gmail.com>’
No Authors@R field in DESCRIPTION.
Please add one, modifying
Authors@R: c(person(given = "Fan",
family = "Yang",
role = "aut"),
person(given = "Jiebiao",
family = "Wang",
role = c("aut", "cre"),
email = "randel.wang@gmail.com"),
person(given = "Lin",
family = "Chen",
role = "aut"))
as necessary.
Flavors: r-devel-linux-x86_64-debian-clang, r-devel-linux-x86_64-debian-gcc