Last updated on 2025-04-29 13:51:25 CEST.
Flavor | Version | Tinstall | Tcheck | Ttotal | Status | Flags |
---|---|---|---|---|---|---|
r-devel-linux-x86_64-debian-clang | 1.1.5 | 119.15 | 53.31 | 172.46 | NOTE | |
r-devel-linux-x86_64-debian-gcc | 1.1.5 | 90.44 | 41.35 | 131.79 | NOTE | |
r-devel-linux-x86_64-fedora-clang | 1.1.5 | 295.91 | NOTE | |||
r-devel-linux-x86_64-fedora-gcc | 1.1.5 | 333.39 | NOTE | |||
r-devel-windows-x86_64 | 1.1.5 | 143.00 | 95.00 | 238.00 | NOTE | |
r-patched-linux-x86_64 | 1.1.5 | 126.10 | 52.61 | 178.71 | NOTE | |
r-release-linux-x86_64 | 1.1.5 | 125.90 | 51.43 | 177.33 | NOTE | |
r-release-macos-arm64 | 1.1.5 | 90.00 | NOTE | |||
r-release-macos-x86_64 | 1.1.5 | 112.00 | NOTE | |||
r-release-windows-x86_64 | 1.1.5 | 141.00 | 101.00 | 242.00 | NOTE | |
r-oldrel-macos-arm64 | 1.1.5 | 48.00 | NOTE | |||
r-oldrel-macos-x86_64 | 1.1.5 | 56.00 | NOTE | |||
r-oldrel-windows-x86_64 | 1.1.5 | 157.00 | 115.00 | 272.00 | NOTE |
Version: 1.1.5
Check: CRAN incoming feasibility
Result: NOTE
Maintainer: ‘Charlie Wusuo Liu <liuwusuo@gmail.com>’
No Authors@R field in DESCRIPTION.
Please add one, modifying
Authors@R: person(given = c("Charlie", "Wusuo"),
family = "Liu",
role = c("aut", "cre"),
email = "liuwusuo@gmail.com")
as necessary.
Flavors: r-devel-linux-x86_64-debian-clang, r-devel-linux-x86_64-debian-gcc
Version: 1.1.5
Check: C++ specification
Result: NOTE
Specified C++11: please drop specification unless essential
Flavors: r-devel-linux-x86_64-debian-clang, r-devel-linux-x86_64-debian-gcc, r-devel-linux-x86_64-fedora-clang, r-devel-linux-x86_64-fedora-gcc, r-devel-windows-x86_64, r-patched-linux-x86_64, r-release-linux-x86_64, r-release-macos-arm64, r-release-macos-x86_64, r-release-windows-x86_64, r-oldrel-macos-arm64, r-oldrel-macos-x86_64, r-oldrel-windows-x86_64
Version: 1.1.5
Check: installed package size
Result: NOTE
installed size is 11.0Mb
sub-directories of 1Mb or more:
libs 10.9Mb
Flavors: r-oldrel-macos-arm64, r-oldrel-macos-x86_64
Version: 1.1.5
Check: for GNU extensions in Makefiles
Result: NOTE
GNU make is a SystemRequirements.
Flavors: r-oldrel-macos-arm64, r-oldrel-macos-x86_64, r-oldrel-windows-x86_64