Last updated on 2025-04-29 13:51:25 CEST.
Flavor | Version | Tinstall | Tcheck | Ttotal | Status | Flags |
---|---|---|---|---|---|---|
r-devel-linux-x86_64-debian-clang | 1.1.5 | 13.06 | 65.19 | 78.25 | NOTE | |
r-devel-linux-x86_64-debian-gcc | 1.1.5 | 8.35 | 44.31 | 52.66 | NOTE | |
r-devel-linux-x86_64-fedora-clang | 1.1.5 | 124.37 | OK | |||
r-devel-linux-x86_64-fedora-gcc | 1.1.5 | 124.36 | OK | |||
r-devel-windows-x86_64 | 1.1.5 | 13.00 | 73.00 | 86.00 | OK | |
r-patched-linux-x86_64 | 1.1.5 | 12.05 | 62.40 | 74.45 | OK | |
r-release-linux-x86_64 | 1.1.5 | 11.42 | 63.05 | 74.47 | OK | |
r-release-macos-arm64 | 1.1.5 | 32.00 | OK | |||
r-release-macos-x86_64 | 1.1.5 | 63.00 | OK | |||
r-release-windows-x86_64 | 1.1.5 | 13.00 | 75.00 | 88.00 | OK | |
r-oldrel-macos-arm64 | 1.1.5 | 30.00 | OK | |||
r-oldrel-macos-x86_64 | 1.1.5 | 59.00 | OK | |||
r-oldrel-windows-x86_64 | 1.1.5 | 17.00 | 70.00 | 87.00 | OK |
Version: 1.1.5
Check: CRAN incoming feasibility
Result: NOTE
Maintainer: ‘Andreas Groll <groll@mathematik.uni-muenchen.de>’
No Authors@R field in DESCRIPTION.
Please add one, modifying
Authors@R: person(given = "Andreas",
family = "Groll",
role = c("aut", "cre"),
email = "groll@mathematik.uni-muenchen.de")
as necessary.
Flavors: r-devel-linux-x86_64-debian-clang, r-devel-linux-x86_64-debian-gcc
Version: 1.1.5
Check: examples
Result: NOTE
Examples with CPU (user + system) or elapsed time > 5s
user system elapsed
bGLMM 5.399 0.011 7.205
Flavor: r-devel-linux-x86_64-debian-clang