Last updated on 2025-04-29 13:51:25 CEST.
Flavor | Version | Tinstall | Tcheck | Ttotal | Status | Flags |
---|---|---|---|---|---|---|
r-devel-linux-x86_64-debian-clang | 1.1.4 | 11.81 | 87.10 | 98.91 | NOTE | |
r-devel-linux-x86_64-debian-gcc | 1.1.4 | 7.36 | 59.82 | 67.18 | NOTE | |
r-devel-linux-x86_64-fedora-clang | 1.1.4 | 146.36 | OK | |||
r-devel-linux-x86_64-fedora-gcc | 1.1.4 | 139.83 | OK | |||
r-devel-windows-x86_64 | 1.1.4 | 12.00 | 104.00 | 116.00 | OK | |
r-patched-linux-x86_64 | 1.1.4 | 11.25 | 83.22 | 94.47 | OK | |
r-release-linux-x86_64 | 1.1.4 | 11.36 | 82.85 | 94.21 | OK | |
r-release-macos-arm64 | 1.1.4 | 40.00 | OK | |||
r-release-macos-x86_64 | 1.1.4 | 71.00 | OK | |||
r-release-windows-x86_64 | 1.1.4 | 13.00 | 106.00 | 119.00 | OK | |
r-oldrel-macos-arm64 | 1.1.4 | 34.00 | OK | |||
r-oldrel-macos-x86_64 | 1.1.4 | 55.00 | OK | |||
r-oldrel-windows-x86_64 | 1.1.4 | 16.00 | 129.00 | 145.00 | OK |
Version: 1.1.4
Check: examples
Result: NOTE
Examples with CPU (user + system) or elapsed time > 5s
user system elapsed
corbit_plot 9.091 0.218 11.509
Flavor: r-devel-linux-x86_64-debian-clang
Version: 1.1.4
Check: examples
Result: NOTE
Examples with CPU (user + system) or elapsed time > 5s
user system elapsed
corbit_plot 5.417 0.163 7.275
Flavor: r-devel-linux-x86_64-debian-gcc