Last updated on 2025-11-16 06:49:38 CET.
| Flavor | Version | Tinstall | Tcheck | Ttotal | Status | Flags |
|---|---|---|---|---|---|---|
| r-devel-linux-x86_64-debian-clang | 1.1.3 | 97.40 | 215.39 | 312.79 | OK | |
| r-devel-linux-x86_64-debian-gcc | 1.1.3 | 61.16 | 138.87 | 200.03 | OK | |
| r-devel-linux-x86_64-fedora-clang | 1.1.3 | 66.00 | 458.46 | 524.46 | OK | |
| r-devel-linux-x86_64-fedora-gcc | 1.1.3 | 238.00 | 270.68 | 508.68 | OK | |
| r-devel-windows-x86_64 | 1.1.3 | 111.00 | 204.00 | 315.00 | OK | |
| r-patched-linux-x86_64 | 1.1.3 | 90.05 | 204.02 | 294.07 | OK | |
| r-release-linux-x86_64 | 1.1.3 | 94.04 | 204.48 | 298.52 | OK | |
| r-release-macos-arm64 | 1.1.3 | 40.00 | 84.00 | 124.00 | OK | |
| r-release-macos-x86_64 | 1.1.3 | 54.00 | 147.00 | 201.00 | OK | |
| r-release-windows-x86_64 | 1.1.3 | 101.00 | 211.00 | 312.00 | OK | |
| r-oldrel-macos-arm64 | 1.1.3 | 38.00 | 86.00 | 124.00 | NOTE | |
| r-oldrel-macos-x86_64 | 1.1.3 | 56.00 | 207.00 | 263.00 | NOTE | |
| r-oldrel-windows-x86_64 | 1.1.3 | 131.00 | 286.00 | 417.00 | OK |
Version: 1.1.3
Check: installed package size
Result: NOTE
installed size is 6.7Mb
sub-directories of 1Mb or more:
libs 5.6Mb
Flavors: r-oldrel-macos-arm64, r-oldrel-macos-x86_64