CRAN Package Check Results for Package GRAPE

Last updated on 2025-04-29 13:51:25 CEST.

Flavor Version Tinstall Tcheck Ttotal Status Flags
r-devel-linux-x86_64-debian-clang 0.1.1 1.69 18.11 19.80 NOTE
r-devel-linux-x86_64-debian-gcc 0.1.1 1.42 14.78 16.20 NOTE
r-devel-linux-x86_64-fedora-clang 0.1.1 32.14 OK
r-devel-linux-x86_64-fedora-gcc 0.1.1 29.70 OK
r-devel-windows-x86_64 0.1.1 3.00 40.00 43.00 OK
r-patched-linux-x86_64 0.1.1 1.67 17.41 19.08 OK
r-release-linux-x86_64 0.1.1 1.79 17.45 19.24 OK
r-release-macos-arm64 0.1.1 16.00 OK
r-release-macos-x86_64 0.1.1 23.00 OK
r-release-windows-x86_64 0.1.1 4.00 40.00 44.00 OK
r-oldrel-macos-arm64 0.1.1 14.00 NOTE
r-oldrel-macos-x86_64 0.1.1 20.00 NOTE
r-oldrel-windows-x86_64 0.1.1 2.00 38.00 40.00 NOTE

Check Details

Version: 0.1.1
Check: CRAN incoming feasibility
Result: NOTE Maintainer: ‘Michael Klein <michael.klein@yale.edu>’ No Authors@R field in DESCRIPTION. Please add one, modifying Authors@R: person(given = "Michael", family = "Klein", role = c("aut", "cre"), email = "michael.klein@yale.edu") as necessary. Flavors: r-devel-linux-x86_64-debian-clang, r-devel-linux-x86_64-debian-gcc

Version: 0.1.1
Check: LazyData
Result: NOTE 'LazyData' is specified without a 'data' directory Flavors: r-oldrel-macos-arm64, r-oldrel-macos-x86_64, r-oldrel-windows-x86_64