Last updated on 2025-04-29 13:51:25 CEST.
Flavor | Version | Tinstall | Tcheck | Ttotal | Status | Flags |
---|---|---|---|---|---|---|
r-devel-linux-x86_64-debian-clang | 1.0.1 | 9.37 | 103.32 | 112.69 | NOTE | |
r-devel-linux-x86_64-debian-gcc | 1.0.1 | 6.17 | 66.81 | 72.98 | OK | |
r-devel-linux-x86_64-fedora-clang | 1.0.1 | 166.08 | OK | |||
r-devel-linux-x86_64-fedora-gcc | 1.0.1 | 157.01 | OK | |||
r-devel-windows-x86_64 | 1.0.1 | 11.00 | 98.00 | 109.00 | OK | |
r-patched-linux-x86_64 | 1.0.1 | 7.95 | 94.48 | 102.43 | OK | |
r-release-linux-x86_64 | 1.0.1 | 8.53 | 93.68 | 102.21 | OK | |
r-release-macos-arm64 | 1.0.1 | 50.00 | OK | |||
r-release-macos-x86_64 | 1.0.1 | 80.00 | OK | |||
r-release-windows-x86_64 | 1.0.1 | 11.00 | 97.00 | 108.00 | OK | |
r-oldrel-macos-arm64 | 1.0.1 | 46.00 | OK | |||
r-oldrel-macos-x86_64 | 1.0.1 | 87.00 | OK | |||
r-oldrel-windows-x86_64 | 1.0.1 | 12.00 | 130.00 | 142.00 | OK |
Version: 1.0.1
Check: examples
Result: NOTE
Examples with CPU (user + system) or elapsed time > 5s
user system elapsed
contour_grid 6.039 0.069 7.193
mosaic.grid 5.015 0.016 6.146
r.grid 4.881 0.071 6.092
perspective.grid 4.405 0.004 5.746
Flavor: r-devel-linux-x86_64-debian-clang