Last updated on 2025-04-29 13:51:25 CEST.
Flavor | Version | Tinstall | Tcheck | Ttotal | Status | Flags |
---|---|---|---|---|---|---|
r-devel-linux-x86_64-debian-clang | 1.0 | 1.40 | 19.22 | 20.62 | NOTE | |
r-devel-linux-x86_64-debian-gcc | 1.0 | 1.32 | 15.82 | 17.14 | NOTE | |
r-devel-linux-x86_64-fedora-clang | 1.0 | 33.51 | OK | |||
r-devel-linux-x86_64-fedora-gcc | 1.0 | 31.78 | OK | |||
r-devel-windows-x86_64 | 1.0 | 3.00 | 43.00 | 46.00 | OK | |
r-patched-linux-x86_64 | 1.0 | 1.79 | 18.65 | 20.44 | OK | |
r-release-linux-x86_64 | 1.0 | 1.61 | 18.67 | 20.28 | OK | |
r-release-macos-arm64 | 1.0 | 15.00 | OK | |||
r-release-macos-x86_64 | 1.0 | 25.00 | OK | |||
r-release-windows-x86_64 | 1.0 | 2.00 | 44.00 | 46.00 | OK | |
r-oldrel-macos-arm64 | 1.0 | 14.00 | OK | |||
r-oldrel-macos-x86_64 | 1.0 | 21.00 | OK | |||
r-oldrel-windows-x86_64 | 1.0 | 2.00 | 44.00 | 46.00 | OK |
Version: 1.0
Check: CRAN incoming feasibility
Result: NOTE
Maintainer: ‘Carlos Garcia Prieto <carlosantonio.garcia@uvic.cat>’
No Authors@R field in DESCRIPTION.
Please add one, modifying
Authors@R: person(given = c("Carlos", "Garcia"),
family = "Prieto",
role = c("aut", "cre"),
email = "carlosantonio.garcia@uvic.cat")
as necessary.
File 'R/GSAfisherCombined-internal.R' sets .Random.seed.
This is usually neither needed nor wanted.
Flavors: r-devel-linux-x86_64-debian-clang, r-devel-linux-x86_64-debian-gcc