CRAN Package Check Results for Package GSM

Last updated on 2025-04-29 13:51:25 CEST.

Flavor Version Tinstall Tcheck Ttotal Status Flags
r-devel-linux-x86_64-debian-clang 1.3.2 2.76 140.54 143.30 NOTE
r-devel-linux-x86_64-debian-gcc 1.3.2 2.05 89.15 91.20 NOTE
r-devel-linux-x86_64-fedora-clang 1.3.2 236.19 OK
r-devel-linux-x86_64-fedora-gcc 1.3.2 227.15 OK
r-devel-windows-x86_64 1.3.2 4.00 225.00 229.00 OK
r-patched-linux-x86_64 1.3.2 2.97 136.51 139.48 OK
r-release-linux-x86_64 1.3.2 2.37 132.12 134.49 OK
r-release-macos-arm64 1.3.2 66.00 OK
r-release-macos-x86_64 1.3.2 124.00 OK
r-release-windows-x86_64 1.3.2 5.00 222.00 227.00 OK
r-oldrel-macos-arm64 1.3.2 64.00 OK
r-oldrel-macos-x86_64 1.3.2 101.00 OK
r-oldrel-windows-x86_64 1.3.2 6.00 253.00 259.00 OK

Check Details

Version: 1.3.2
Check: CRAN incoming feasibility
Result: NOTE Maintainer: ‘Sergio Venturini <sergio.venturini@unibocconi.it>’ No Authors@R field in DESCRIPTION. Please add one, modifying Authors@R: person(given = "Sergio", family = "Venturini", role = c("aut", "cre"), email = "sergio.venturini@unibocconi.it") as necessary. Flavors: r-devel-linux-x86_64-debian-clang, r-devel-linux-x86_64-debian-gcc