Last updated on 2025-04-29 13:51:24 CEST.
Flavor | Version | Tinstall | Tcheck | Ttotal | Status | Flags |
---|---|---|---|---|---|---|
r-devel-linux-x86_64-debian-clang | 1.1.3 | 10.52 | 72.32 | 82.84 | NOTE | |
r-devel-linux-x86_64-debian-gcc | 1.1.3 | 7.14 | 49.60 | 56.74 | OK | |
r-devel-linux-x86_64-fedora-clang | 1.1.3 | 124.37 | OK | |||
r-devel-linux-x86_64-fedora-gcc | 1.1.3 | 114.87 | OK | |||
r-devel-windows-x86_64 | 1.1.3 | 13.00 | 87.00 | 100.00 | OK | |
r-patched-linux-x86_64 | 1.1.3 | 10.08 | 68.91 | 78.99 | OK | |
r-release-linux-x86_64 | 1.1.3 | 10.65 | 67.05 | 77.70 | OK | |
r-release-macos-arm64 | 1.1.3 | 37.00 | OK | |||
r-release-macos-x86_64 | 1.1.3 | 66.00 | OK | |||
r-release-windows-x86_64 | 1.1.3 | 12.00 | 86.00 | 98.00 | OK | |
r-oldrel-macos-arm64 | 1.1.3 | 41.00 | OK | |||
r-oldrel-macos-x86_64 | 1.1.3 | 72.00 | OK | |||
r-oldrel-windows-x86_64 | 1.1.3 | 19.00 | 106.00 | 125.00 | OK |
Version: 1.1.3
Check: examples
Result: NOTE
Examples with CPU (user + system) or elapsed time > 5s
user system elapsed
Run_Clustering 0.066 0.004 5.232
Flavor: r-devel-linux-x86_64-debian-clang