Last updated on 2025-11-16 00:48:32 CET.
| Flavor | Version | Tinstall | Tcheck | Ttotal | Status | Flags |
|---|---|---|---|---|---|---|
| r-devel-linux-x86_64-debian-clang | 0.1.5.9 | 9.84 | 86.45 | 96.29 | NOTE | |
| r-devel-linux-x86_64-debian-gcc | 0.1.5.9 | 6.04 | 63.01 | 69.05 | NOTE | |
| r-devel-linux-x86_64-fedora-clang | 0.1.5.9 | 93.00 | 71.74 | 164.74 | OK | |
| r-devel-linux-x86_64-fedora-gcc | 0.1.5.9 | 23.00 | 126.16 | 149.16 | OK | |
| r-devel-windows-x86_64 | 0.1.5.9 | 14.00 | 98.00 | 112.00 | OK | |
| r-patched-linux-x86_64 | 0.1.5.9 | 10.02 | 82.53 | 92.55 | OK | |
| r-release-linux-x86_64 | 0.1.5.9 | 7.82 | 81.81 | 89.63 | OK | |
| r-release-macos-arm64 | 0.1.5.9 | 4.00 | 47.00 | 51.00 | OK | |
| r-release-macos-x86_64 | 0.1.5.9 | 14.00 | 99.00 | 113.00 | OK | |
| r-release-windows-x86_64 | 0.1.5.9 | 10.00 | 98.00 | 108.00 | OK | |
| r-oldrel-macos-arm64 | 0.1.5.9 | 4.00 | 41.00 | 45.00 | OK | |
| r-oldrel-macos-x86_64 | 0.1.5.9 | 9.00 | 96.00 | 105.00 | OK | |
| r-oldrel-windows-x86_64 | 0.1.5.9 | 12.00 | 123.00 | 135.00 | OK |
Version: 0.1.5.9
Check: CRAN incoming feasibility
Result: NOTE
Maintainer: ‘Daniel Fischer <daniel.fischer@luke.fi>’
No Authors@R field in DESCRIPTION.
Please add one, modifying
Authors@R: person(given = "Daniel",
family = "Fischer",
role = c("aut", "cre"),
email = "daniel.fischer@luke.fi")
as necessary.
Flavors: r-devel-linux-x86_64-debian-clang, r-devel-linux-x86_64-debian-gcc