Last updated on 2025-11-16 06:49:37 CET.
| Flavor | Version | Tinstall | Tcheck | Ttotal | Status | Flags |
|---|---|---|---|---|---|---|
| r-devel-linux-x86_64-debian-clang | 1.5.7 | 2.62 | 34.88 | 37.50 | OK | |
| r-devel-linux-x86_64-debian-gcc | 1.5.7 | 2.00 | 28.04 | 30.04 | NOTE | |
| r-devel-linux-x86_64-fedora-clang | 1.5.7 | 55.50 | OK | |||
| r-devel-linux-x86_64-fedora-gcc | 1.5.7 | 52.81 | OK | |||
| r-devel-windows-x86_64 | 1.5.7 | 9.00 | 57.00 | 66.00 | OK | |
| r-patched-linux-x86_64 | 1.5.7 | 2.96 | 32.18 | 35.14 | OK | |
| r-release-linux-x86_64 | 1.5.7 | 2.89 | 32.15 | 35.04 | OK | |
| r-release-macos-arm64 | 1.5.7 | 3.00 | 22.00 | 25.00 | OK | |
| r-release-macos-x86_64 | 1.5.7 | 3.00 | 32.00 | 35.00 | OK | |
| r-release-windows-x86_64 | 1.5.7 | 5.00 | 48.00 | 53.00 | OK | |
| r-oldrel-macos-arm64 | 1.5.7 | 2.00 | 25.00 | 27.00 | OK | |
| r-oldrel-macos-x86_64 | 1.5.7 | 6.00 | 42.00 | 48.00 | OK | |
| r-oldrel-windows-x86_64 | 1.5.7 | 6.00 | 56.00 | 62.00 | OK |
Version: 1.5.7
Check: CRAN incoming feasibility
Result: NOTE
Maintainer: ‘Marcelo Perlin <marceloperlin@gmail.com>’
The BugReports field in DESCRIPTION has
https://github.com/msperlin/GetTDData/issues/
which should likely be
https://github.com/msperlin/GetTDData/issues/issues
instead.
Flavor: r-devel-linux-x86_64-debian-gcc