Last updated on 2025-11-16 00:48:33 CET.
| Flavor | Version | Tinstall | Tcheck | Ttotal | Status | Flags |
|---|---|---|---|---|---|---|
| r-devel-linux-x86_64-debian-clang | 1.0.5 | 4.29 | 60.22 | 64.51 | NOTE | |
| r-devel-linux-x86_64-debian-gcc | 1.0.5 | 2.86 | 47.90 | 50.76 | NOTE | |
| r-devel-linux-x86_64-fedora-clang | 1.0.5 | 108.26 | OK | |||
| r-devel-linux-x86_64-fedora-gcc | 1.0.5 | 11.00 | 107.21 | 118.21 | OK | |
| r-devel-windows-x86_64 | 1.0.5 | 6.00 | 131.00 | 137.00 | OK | |
| r-patched-linux-x86_64 | 1.0.5 | 3.84 | 58.47 | 62.31 | OK | |
| r-release-linux-x86_64 | 1.0.5 | 3.76 | 59.32 | 63.08 | OK | |
| r-release-macos-arm64 | 1.0.5 | 2.00 | 58.00 | 60.00 | OK | |
| r-release-macos-x86_64 | 1.0.5 | 4.00 | 93.00 | 97.00 | OK | |
| r-release-windows-x86_64 | 1.0.5 | 5.00 | 132.00 | 137.00 | OK | |
| r-oldrel-macos-arm64 | 1.0.5 | 2.00 | 56.00 | 58.00 | OK | |
| r-oldrel-macos-x86_64 | 1.0.5 | 3.00 | 76.00 | 79.00 | OK | |
| r-oldrel-windows-x86_64 | 1.0.5 | 8.00 | 160.00 | 168.00 | OK |
Version: 1.0.5
Check: CRAN incoming feasibility
Result: NOTE
Maintainer: ‘Zuguang Gu <z.gu@dkfz.de>’
No Authors@R field in DESCRIPTION.
Please add one, modifying
Authors@R: person(given = "Zuguang",
family = "Gu",
role = c("aut", "cre"),
email = "z.gu@dkfz.de")
as necessary.
Flavors: r-devel-linux-x86_64-debian-clang, r-devel-linux-x86_64-debian-gcc