CRAN Package Check Results for Package GlobalOptions

Last updated on 2025-11-16 06:49:38 CET.

Flavor Version Tinstall Tcheck Ttotal Status Flags
r-devel-linux-x86_64-debian-clang 0.1.2 2.63 29.15 31.78 NOTE
r-devel-linux-x86_64-debian-gcc 0.1.2 2.23 23.47 25.70 NOTE
r-devel-linux-x86_64-fedora-clang 0.1.2 50.19 OK
r-devel-linux-x86_64-fedora-gcc 0.1.2 65.65 OK
r-devel-windows-x86_64 0.1.2 6.00 48.00 54.00 OK
r-patched-linux-x86_64 0.1.2 2.67 28.20 30.87 OK
r-release-linux-x86_64 0.1.2 3.11 27.72 30.83 OK
r-release-macos-arm64 0.1.2 2.00 26.00 28.00 OK
r-release-macos-x86_64 0.1.2 3.00 64.00 67.00 OK
r-release-windows-x86_64 0.1.2 7.00 47.00 54.00 OK
r-oldrel-macos-arm64 0.1.2 1.00 31.00 32.00 OK
r-oldrel-macos-x86_64 0.1.2 4.00 58.00 62.00 OK
r-oldrel-windows-x86_64 0.1.2 5.00 56.00 61.00 OK

Check Details

Version: 0.1.2
Check: CRAN incoming feasibility
Result: NOTE Maintainer: ‘Zuguang Gu <z.gu@dkfz.de>’ No Authors@R field in DESCRIPTION. Please add one, modifying Authors@R: person(given = "Zuguang", family = "Gu", role = c("aut", "cre"), email = "z.gu@dkfz.de") as necessary. Flavors: r-devel-linux-x86_64-debian-clang, r-devel-linux-x86_64-debian-gcc