CRAN Package Check Results for Package GrimR

Last updated on 2025-04-29 13:51:25 CEST.

Flavor Version Tinstall Tcheck Ttotal Status Flags
r-devel-linux-x86_64-debian-clang 0.5 3.43 27.75 31.18 NOTE
r-devel-linux-x86_64-debian-gcc 0.5 2.26 21.98 24.24 NOTE
r-devel-linux-x86_64-fedora-clang 0.5 50.41 OK
r-devel-linux-x86_64-fedora-gcc 0.5 45.93 OK
r-devel-windows-x86_64 0.5 5.00 49.00 54.00 OK
r-patched-linux-x86_64 0.5 2.90 26.63 29.53 OK
r-release-linux-x86_64 0.5 3.17 26.40 29.57 OK
r-release-macos-arm64 0.5 22.00 OK
r-release-macos-x86_64 0.5 31.00 OK
r-release-windows-x86_64 0.5 5.00 48.00 53.00 OK
r-oldrel-macos-arm64 0.5 18.00 OK
r-oldrel-macos-x86_64 0.5 26.00 OK
r-oldrel-windows-x86_64 0.5 6.00 53.00 59.00 OK

Check Details

Version: 0.5
Check: CRAN incoming feasibility
Result: NOTE Maintainer: ‘Florian Dufey <GrimR@gmx.de>’ File 'R/GrimR-internal.R' sets .Random.seed. This is usually neither needed nor wanted. The Description field contains in Dufey (2017) <arXiv:1703.00070>. Please refer to arXiv e-prints via their arXiv DOI <doi:10.48550/arXiv.YYMM.NNNNN>. Flavors: r-devel-linux-x86_64-debian-clang, r-devel-linux-x86_64-debian-gcc