Last updated on 2025-04-29 13:51:25 CEST.
Flavor | Version | Tinstall | Tcheck | Ttotal | Status | Flags |
---|---|---|---|---|---|---|
r-devel-linux-x86_64-debian-clang | 1.0.1 | 1.67 | 34.16 | 35.83 | NOTE | |
r-devel-linux-x86_64-debian-gcc | 1.0.1 | 1.55 | 23.77 | 25.32 | NOTE | |
r-devel-linux-x86_64-fedora-clang | 1.0.1 | 59.60 | OK | |||
r-devel-linux-x86_64-fedora-gcc | 1.0.1 | 54.63 | OK | |||
r-devel-windows-x86_64 | 1.0.1 | 2.00 | 50.00 | 52.00 | OK | |
r-patched-linux-x86_64 | 1.0.1 | 1.87 | 31.74 | 33.61 | OK | |
r-release-linux-x86_64 | 1.0.1 | 1.76 | 31.89 | 33.65 | OK | |
r-release-macos-arm64 | 1.0.1 | 17.00 | OK | |||
r-release-macos-x86_64 | 1.0.1 | 33.00 | OK | |||
r-release-windows-x86_64 | 1.0.1 | 3.00 | 49.00 | 52.00 | OK | |
r-oldrel-macos-arm64 | 1.0.1 | 17.00 | OK | |||
r-oldrel-macos-x86_64 | 1.0.1 | 28.00 | OK | |||
r-oldrel-windows-x86_64 | 1.0.1 | 2.00 | 49.00 | 51.00 | OK |
Version: 1.0.1
Check: CRAN incoming feasibility
Result: NOTE
Maintainer: ‘Zhigen Zhao <zhaozhg@temple.edu>’
No Authors@R field in DESCRIPTION.
Please add one, modifying
Authors@R: person(given = "Zhigen",
family = "Zhao",
role = c("aut", "cre"),
email = "zhaozhg@temple.edu")
as necessary.
Flavors: r-devel-linux-x86_64-debian-clang, r-devel-linux-x86_64-debian-gcc
Version: 1.0.1
Check: examples
Result: NOTE
Examples with CPU (user + system) or elapsed time > 5s
user system elapsed
AYP 13.976 0.016 17.164
Flavor: r-devel-linux-x86_64-debian-clang
Version: 1.0.1
Check: examples
Result: NOTE
Examples with CPU (user + system) or elapsed time > 5s
user system elapsed
AYP 7.626 0.01 9.846
Flavor: r-devel-linux-x86_64-debian-gcc