Last updated on 2025-11-16 06:49:38 CET.
| Flavor | Version | Tinstall | Tcheck | Ttotal | Status | Flags |
|---|---|---|---|---|---|---|
| r-devel-linux-x86_64-debian-clang | 1.1.2 | 6.96 | 92.68 | 99.64 | OK | |
| r-devel-linux-x86_64-debian-gcc | 1.1.2 | 5.64 | 63.11 | 68.75 | NOTE | |
| r-devel-linux-x86_64-fedora-clang | 1.1.2 | 20.00 | 133.57 | 153.57 | OK | |
| r-devel-linux-x86_64-fedora-gcc | 1.1.2 | 18.00 | 144.01 | 162.01 | OK | |
| r-devel-windows-x86_64 | 1.1.2 | 20.00 | 102.00 | 122.00 | OK | |
| r-patched-linux-x86_64 | 1.1.2 | 8.72 | 85.02 | 93.74 | OK | |
| r-release-linux-x86_64 | 1.1.2 | 6.83 | 84.41 | 91.24 | OK | |
| r-release-macos-arm64 | 1.1.2 | 3.00 | 46.00 | 49.00 | OK | |
| r-release-macos-x86_64 | 1.1.2 | 8.00 | 117.00 | 125.00 | OK | |
| r-release-windows-x86_64 | 1.1.2 | 10.00 | 103.00 | 113.00 | OK | |
| r-oldrel-macos-arm64 | 1.1.2 | 3.00 | 50.00 | 53.00 | OK | |
| r-oldrel-macos-x86_64 | 1.1.2 | 8.00 | 116.00 | 124.00 | OK | |
| r-oldrel-windows-x86_64 | 1.1.2 | 12.00 | 128.00 | 140.00 | OK |
Version: 1.1.2
Check: CRAN incoming feasibility
Result: NOTE
Maintainer: ‘Pattawee Puangchit <ppuangch@purdue.edu>’
The BugReports field in DESCRIPTION has
https://github.com/bodysbobb/HARplus/issues/
which should likely be
https://github.com/bodysbobb/HARplus/issues/issues
instead.
Flavor: r-devel-linux-x86_64-debian-gcc