Last updated on 2025-04-29 13:51:26 CEST.
Flavor | Version | Tinstall | Tcheck | Ttotal | Status | Flags |
---|---|---|---|---|---|---|
r-devel-linux-x86_64-debian-clang | 1.1 | 2.79 | 50.83 | 53.62 | NOTE | |
r-devel-linux-x86_64-debian-gcc | 1.1 | 2.08 | 35.08 | 37.16 | NOTE | |
r-devel-linux-x86_64-fedora-clang | 1.1 | 90.00 | OK | |||
r-devel-linux-x86_64-fedora-gcc | 1.1 | 86.63 | OK | |||
r-devel-windows-x86_64 | 1.1 | 4.00 | 70.00 | 74.00 | OK | |
r-patched-linux-x86_64 | 1.1 | 3.00 | 47.96 | 50.96 | OK | |
r-release-linux-x86_64 | 1.1 | 2.59 | 47.66 | 50.25 | OK | |
r-release-macos-arm64 | 1.1 | 25.00 | OK | |||
r-release-macos-x86_64 | 1.1 | 50.00 | OK | |||
r-release-windows-x86_64 | 1.1 | 5.00 | 71.00 | 76.00 | OK | |
r-oldrel-macos-arm64 | 1.1 | 24.00 | OK | |||
r-oldrel-macos-x86_64 | 1.1 | 45.00 | OK | |||
r-oldrel-windows-x86_64 | 1.1 | 3.00 | 71.00 | 74.00 | OK |
Version: 1.1
Check: CRAN incoming feasibility
Result: NOTE
Maintainer: ‘Brisa N. Sanchez <brisa@umich.edu>’
No Authors@R field in DESCRIPTION.
Please add one, modifying
Authors@R: c(person(given = "Meihua",
family = "Wu",
role = "aut",
email = "meihuawu@umich.edu"),
person(given = c("Brisa", "N."),
family = "Sanchez",
role = c("aut", "cre"),
email = "brisa@umich.edu"),
person(given = c("Peter", "X.K."),
family = "Song",
role = "aut",
email = "pxsong@umich.edu"),
person(given = "Raymond",
family = "Luu",
role = "aut",
email = "raluu@umich.edu"),
person(given = "Wen",
family = "Wang",
role = "aut",
email = "wangwen@umich.edu"))
as necessary.
Flavors: r-devel-linux-x86_64-debian-clang, r-devel-linux-x86_64-debian-gcc
Version: 1.1
Check: examples
Result: NOTE
Examples with CPU (user + system) or elapsed time > 5s
user system elapsed
cv_method 5.541 0.076 6.568
cv_method_corr 5.499 0.007 6.695
cv_method_MC_corr 5.478 0.000 6.192
cv_method_MC 5.457 0.016 6.862
Flavor: r-devel-linux-x86_64-debian-clang