Last updated on 2025-04-29 13:51:26 CEST.
Flavor | Version | Tinstall | Tcheck | Ttotal | Status | Flags |
---|---|---|---|---|---|---|
r-devel-linux-x86_64-debian-clang | 0.1 | 2.35 | 17.70 | 20.05 | NOTE | |
r-devel-linux-x86_64-debian-gcc | 0.1 | 1.88 | 14.73 | 16.61 | NOTE | |
r-devel-linux-x86_64-fedora-clang | 0.1 | 31.76 | NOTE | |||
r-devel-linux-x86_64-fedora-gcc | 0.1 | 29.81 | NOTE | |||
r-devel-windows-x86_64 | 0.1 | 5.00 | 37.00 | 42.00 | OK | |
r-patched-linux-x86_64 | 0.1 | 2.36 | 17.21 | 19.57 | OK | |
r-release-linux-x86_64 | 0.1 | 2.13 | 17.06 | 19.19 | OK | |
r-release-macos-arm64 | 0.1 | 17.00 | OK | |||
r-release-macos-x86_64 | 0.1 | 25.00 | OK | |||
r-release-windows-x86_64 | 0.1 | 6.00 | 37.00 | 43.00 | OK | |
r-oldrel-macos-arm64 | 0.1 | 15.00 | NOTE | |||
r-oldrel-macos-x86_64 | 0.1 | 21.00 | NOTE | |||
r-oldrel-windows-x86_64 | 0.1 | 4.00 | 37.00 | 41.00 | NOTE |
Version: 0.1
Check: CRAN incoming feasibility
Result: NOTE
Maintainer: ‘Bin Guo <guobinscu@scu.edu.cn>’
No Authors@R field in DESCRIPTION.
Please add one, modifying
Authors@R: person(given = "Bin",
family = "Guo",
role = c("aut", "cre"),
email = "guobinscu@scu.edu.cn")
as necessary.
Flavors: r-devel-linux-x86_64-debian-clang, r-devel-linux-x86_64-debian-gcc
Version: 0.1
Check: compiled code
Result: NOTE
File ‘HDGLM/libs/HDGLM.so’:
Found no calls to: ‘R_registerRoutines’, ‘R_useDynamicSymbols’
It is good practice to register native routines and to disable symbol
search.
See ‘Writing portable packages’ in the ‘Writing R Extensions’ manual.
Flavors: r-devel-linux-x86_64-fedora-clang, r-devel-linux-x86_64-fedora-gcc
Version: 0.1
Check: LazyData
Result: NOTE
'LazyData' is specified without a 'data' directory
Flavors: r-oldrel-macos-arm64, r-oldrel-macos-x86_64, r-oldrel-windows-x86_64