Last updated on 2025-11-16 18:49:32 CET.
| Flavor | Version | Tinstall | Tcheck | Ttotal | Status | Flags |
|---|---|---|---|---|---|---|
| r-devel-linux-x86_64-debian-clang | 1.0.1 | 31.99 | 297.19 | 329.18 | OK | |
| r-devel-linux-x86_64-debian-gcc | 1.0.1 | 25.78 | 216.15 | 241.93 | OK | |
| r-devel-linux-x86_64-fedora-clang | 1.0.1 | 148.00 | 401.81 | 549.81 | OK | |
| r-devel-linux-x86_64-fedora-gcc | 1.0.1 | 281.00 | 256.07 | 537.07 | OK | |
| r-devel-windows-x86_64 | 1.0.1 | 37.00 | 238.00 | 275.00 | OK | |
| r-patched-linux-x86_64 | 1.0.1 | 32.57 | 282.90 | 315.47 | OK | |
| r-release-linux-x86_64 | 1.0.1 | 0.29 | 1.76 | 2.05 | ERROR | |
| r-release-macos-arm64 | 1.0.1 | 15.00 | 107.00 | 122.00 | OK | |
| r-release-macos-x86_64 | 1.0.1 | 50.00 | 229.00 | 279.00 | OK | |
| r-release-windows-x86_64 | 1.0.1 | 35.00 | 237.00 | 272.00 | OK | |
| r-oldrel-macos-arm64 | 1.0.1 | 20.00 | 123.00 | 143.00 | OK | |
| r-oldrel-macos-x86_64 | 1.0.1 | 48.00 | 258.00 | 306.00 | OK | |
| r-oldrel-windows-x86_64 | 1.0.1 | 47.00 | 326.00 | 373.00 | OK |
Version: 1.0.1
Check: package dependencies
Result: ERROR
Package required but not available: ‘DESeq2’
See section ‘The DESCRIPTION file’ in the ‘Writing R Extensions’
manual.
Flavor: r-release-linux-x86_64