Last updated on 2025-10-23 05:51:55 CEST.
Flavor | Version | Tinstall | Tcheck | Ttotal | Status | Flags |
---|---|---|---|---|---|---|
r-devel-linux-x86_64-debian-clang | 3.1-53 | 31.02 | 320.42 | 351.44 | NOTE | |
r-devel-linux-x86_64-debian-gcc | 3.1-53 | 22.02 | 218.80 | 240.82 | OK | |
r-devel-linux-x86_64-fedora-clang | 3.1-53 | 138.00 | 442.78 | 580.78 | OK | |
r-devel-linux-x86_64-fedora-gcc | 3.1-53 | 124.00 | 437.21 | 561.21 | OK | |
r-devel-windows-x86_64 | 3.1-53 | 33.00 | 350.00 | 383.00 | OK | |
r-patched-linux-x86_64 | 3.1-53 | 33.23 | 306.88 | 340.11 | OK | |
r-release-linux-x86_64 | 3.1-53 | 28.19 | 304.81 | 333.00 | OK | |
r-release-macos-arm64 | 3.1-53 | 12.00 | 128.00 | 140.00 | OK | |
r-release-macos-x86_64 | 3.1-53 | 54.00 | 213.00 | 267.00 | OK | |
r-release-windows-x86_64 | 3.1-53 | 40.00 | 355.00 | 395.00 | OK | |
r-oldrel-macos-arm64 | 3.1-53 | 13.00 | 130.00 | 143.00 | OK | |
r-oldrel-macos-x86_64 | 3.1-53 | 30.00 | 281.00 | 311.00 | OK | |
r-oldrel-windows-x86_64 | 3.1-53 | 49.00 | 460.00 | 509.00 | OK |
Version: 3.1-53
Check: HTML version of manual
Result: NOTE
Found the following HTML validation problems:
likert.html:606:1 (likert.Rd:524): Warning: <h3> anchor "_sec_note" already defined
likert.html:611:1 (likert.Rd:527): Warning: <h3> anchor "_sec_note" already defined
Flavor: r-devel-linux-x86_64-debian-clang