Last updated on 2024-06-27 16:49:06 CEST.
Flavor | Version | Tinstall | Tcheck | Ttotal | Status | Flags |
---|---|---|---|---|---|---|
r-devel-linux-x86_64-debian-clang | 1.0-5 | OK | ||||
r-devel-linux-x86_64-debian-gcc | 1.0-5 | 14.24 | 40.08 | 54.32 | OK | |
r-devel-linux-x86_64-fedora-clang | 1.0-5 | 89.80 | NOTE | |||
r-devel-linux-x86_64-fedora-gcc | 1.0-5 | 86.46 | OK | |||
r-devel-windows-x86_64 | 1.0-5 | 15.00 | 68.00 | 83.00 | NOTE | |
r-patched-linux-x86_64 | 1.0-5 | 15.28 | 50.37 | 65.65 | OK | |
r-release-linux-x86_64 | 1.0-5 | 17.07 | 51.92 | 68.99 | OK | |
r-release-macos-arm64 | 1.0-5 | 34.00 | NOTE | |||
r-release-macos-x86_64 | 1.0-5 | 48.00 | NOTE | |||
r-release-windows-x86_64 | 1.0-5 | 17.00 | 68.00 | 85.00 | NOTE | |
r-oldrel-macos-arm64 | 1.0-5 | 38.00 | NOTE | |||
r-oldrel-macos-x86_64 | 1.0-5 | 58.00 | NOTE | |||
r-oldrel-windows-x86_64 | 1.0-5 | 16.00 | 77.00 | 93.00 | NOTE |
Version: 1.0-5
Check: installed package size
Result: NOTE
installed size is 7.6Mb
sub-directories of 1Mb or more:
data 7.1Mb
Flavors: r-devel-linux-x86_64-fedora-clang, r-devel-windows-x86_64, r-release-macos-arm64, r-release-macos-x86_64, r-release-windows-x86_64, r-oldrel-macos-arm64, r-oldrel-macos-x86_64, r-oldrel-windows-x86_64