Last updated on 2025-11-16 00:48:34 CET.
| Flavor | Version | Tinstall | Tcheck | Ttotal | Status | Flags |
|---|---|---|---|---|---|---|
| r-devel-linux-x86_64-debian-clang | 0.6.0 | 101.45 | 75.16 | 176.61 | OK | |
| r-devel-linux-x86_64-debian-gcc | 0.6.0 | 71.55 | 57.85 | 129.40 | OK | |
| r-devel-linux-x86_64-fedora-clang | 0.6.0 | 240.00 | 94.89 | 334.89 | OK | |
| r-devel-linux-x86_64-fedora-gcc | 0.6.0 | 150.00 | 165.49 | 315.49 | OK | |
| r-devel-windows-x86_64 | 0.6.0 | 124.00 | 117.00 | 241.00 | OK | |
| r-patched-linux-x86_64 | 0.6.0 | 107.90 | 72.83 | 180.73 | OK | |
| r-release-linux-x86_64 | 0.6.0 | 101.94 | 72.70 | 174.64 | OK | |
| r-release-macos-arm64 | 0.6.0 | 39.00 | 51.00 | 90.00 | OK | |
| r-release-macos-x86_64 | 0.6.0 | 37.00 | 89.00 | 126.00 | OK | |
| r-release-windows-x86_64 | 0.6.0 | 114.00 | 100.00 | 214.00 | OK | |
| r-oldrel-macos-arm64 | 0.6.0 | 34.00 | 45.00 | 79.00 | NOTE | |
| r-oldrel-macos-x86_64 | 0.6.0 | 38.00 | 82.00 | 120.00 | NOTE | |
| r-oldrel-windows-x86_64 | 0.6.0 | 133.00 | 129.00 | 262.00 | OK |
Version: 0.6.0
Check: installed package size
Result: NOTE
installed size is 7.9Mb
sub-directories of 1Mb or more:
libs 7.4Mb
Flavors: r-oldrel-macos-arm64, r-oldrel-macos-x86_64