CRAN Package Check Results for Package HTMLUtils

Last updated on 2025-11-16 06:49:39 CET.

Flavor Version Tinstall Tcheck Ttotal Status Flags
r-devel-linux-x86_64-debian-clang 0.1.9 1.89 22.63 24.52 NOTE
r-devel-linux-x86_64-debian-gcc 0.1.9 1.54 18.37 19.91 NOTE
r-devel-linux-x86_64-fedora-clang 0.1.9 11.00 27.26 38.26 OK
r-devel-linux-x86_64-fedora-gcc 0.1.9 34.40 OK
r-devel-windows-x86_64 0.1.9 4.00 42.00 46.00 OK
r-patched-linux-x86_64 0.1.9 2.12 21.63 23.75 OK
r-release-linux-x86_64 0.1.9 1.83 21.64 23.47 OK
r-release-macos-arm64 0.1.9 1.00 15.00 16.00 OK
r-release-macos-x86_64 0.1.9 2.00 22.00 24.00 OK
r-release-windows-x86_64 0.1.9 5.00 43.00 48.00 OK
r-oldrel-macos-arm64 0.1.9 1.00 14.00 15.00 OK
r-oldrel-macos-x86_64 0.1.9 2.00 20.00 22.00 OK
r-oldrel-windows-x86_64 0.1.9 3.00 47.00 50.00 OK

Check Details

Version: 0.1.9
Check: CRAN incoming feasibility
Result: NOTE Maintainer: ‘"Markus Loecher, Berlin School of Economics and Law (BSEL)" <markus.loecher@gmail.com>’ No Authors@R field in DESCRIPTION. Please add one, modifying Authors@R: c(person(given = "\"Markus", family = "Loecher", role = c("aut", "cre"), email = "markus.loecher@gmail.com"), person(given = c("Berlin", "School", "of"), family = "Economics", role = "aut"), person(family = "Law\"", role = "aut", email = "markus.loecher@gmail.com", comment = "BSEL")) as necessary. Flavors: r-devel-linux-x86_64-debian-clang, r-devel-linux-x86_64-debian-gcc