Last updated on 2025-04-29 13:51:26 CEST.
Flavor | Version | Tinstall | Tcheck | Ttotal | Status | Flags |
---|---|---|---|---|---|---|
r-devel-linux-x86_64-debian-clang | 1.2.3 | 3.26 | 28.13 | 31.39 | NOTE | |
r-devel-linux-x86_64-debian-gcc | 1.2.3 | 2.20 | 21.82 | 24.02 | NOTE | |
r-devel-linux-x86_64-fedora-clang | 1.2.3 | 47.97 | OK | |||
r-devel-linux-x86_64-fedora-gcc | 1.2.3 | 46.41 | OK | |||
r-devel-windows-x86_64 | 1.2.3 | 4.00 | 51.00 | 55.00 | OK | |
r-patched-linux-x86_64 | 1.2.3 | 3.48 | 26.89 | 30.37 | OK | |
r-release-linux-x86_64 | 1.2.3 | 3.07 | 26.92 | 29.99 | OK | |
r-release-macos-arm64 | 1.2.3 | 19.00 | OK | |||
r-release-macos-x86_64 | 1.2.3 | 33.00 | OK | |||
r-release-windows-x86_64 | 1.2.3 | 4.00 | 52.00 | 56.00 | OK | |
r-oldrel-macos-arm64 | 1.2.3 | 17.00 | OK | |||
r-oldrel-macos-x86_64 | 1.2.3 | 31.00 | OK | |||
r-oldrel-windows-x86_64 | 1.2.3 | 5.00 | 50.00 | 55.00 | OK |
Version: 1.2.3
Check: CRAN incoming feasibility
Result: NOTE
Maintainer: ‘Sergio Venturini <sergio.venturini@unicatt.it>’
No Authors@R field in DESCRIPTION.
Please add one, modifying
Authors@R: person(given = "Sergio",
family = "Venturini",
role = c("aut", "cre"),
email = "sergio.venturini@unicatt.it")
as necessary.
Flavors: r-devel-linux-x86_64-debian-clang, r-devel-linux-x86_64-debian-gcc