Last updated on 2025-11-16 18:49:33 CET.
| Flavor | Version | Tinstall | Tcheck | Ttotal | Status | Flags |
|---|---|---|---|---|---|---|
| r-devel-linux-x86_64-debian-clang | 1.2.0 | 9.98 | 67.49 | 77.47 | OK | |
| r-devel-linux-x86_64-debian-gcc | 1.2.0 | 6.34 | 47.85 | 54.19 | OK | |
| r-devel-linux-x86_64-fedora-clang | 1.2.0 | 49.00 | 78.88 | 127.88 | OK | |
| r-devel-linux-x86_64-fedora-gcc | 1.2.1 | 39.00 | 93.29 | 132.29 | OK | |
| r-devel-windows-x86_64 | 1.2.0 | 13.00 | 73.00 | 86.00 | OK | |
| r-patched-linux-x86_64 | 1.2.0 | 9.47 | 61.70 | 71.17 | OK | |
| r-release-linux-x86_64 | 1.2.0 | 7.51 | 62.41 | 69.92 | OK | |
| r-release-macos-arm64 | 1.2.0 | 4.00 | 36.00 | 40.00 | OK | |
| r-release-macos-x86_64 | 1.2.1 | 8.00 | 70.00 | 78.00 | OK | |
| r-release-windows-x86_64 | 1.2.0 | 13.00 | 72.00 | 85.00 | OK | |
| r-oldrel-macos-arm64 | 1.2.0 | 4.00 | 42.00 | 46.00 | NOTE | |
| r-oldrel-macos-x86_64 | 1.2.1 | 12.00 | 107.00 | 119.00 | NOTE | |
| r-oldrel-windows-x86_64 | 1.2.0 | 16.00 | 92.00 | 108.00 | NOTE |
Version: 1.2.0
Check: installed package size
Result: NOTE
installed size is 5.2Mb
sub-directories of 1Mb or more:
app 1.7Mb
doc 3.2Mb
Flavors: r-oldrel-macos-arm64, r-oldrel-windows-x86_64
Version: 1.2.1
Check: installed package size
Result: NOTE
installed size is 5.2Mb
sub-directories of 1Mb or more:
app 1.7Mb
doc 3.2Mb
Flavor: r-oldrel-macos-x86_64