Last updated on 2025-04-29 13:51:26 CEST.
Flavor | Version | Tinstall | Tcheck | Ttotal | Status | Flags |
---|---|---|---|---|---|---|
r-devel-linux-x86_64-debian-clang | 1.1.1 | 2.15 | 22.14 | 24.29 | NOTE | |
r-devel-linux-x86_64-debian-gcc | 1.1.1 | 1.82 | 17.90 | 19.72 | NOTE | |
r-devel-linux-x86_64-fedora-clang | 1.1.1 | 37.81 | OK | |||
r-devel-linux-x86_64-fedora-gcc | 1.1.1 | 36.61 | OK | |||
r-devel-windows-x86_64 | 1.1.1 | 3.00 | 42.00 | 45.00 | OK | |
r-patched-linux-x86_64 | 1.1.1 | 2.30 | 21.56 | 23.86 | OK | |
r-release-linux-x86_64 | 1.1.1 | 2.13 | 21.31 | 23.44 | OK | |
r-release-macos-arm64 | 1.1.1 | 16.00 | OK | |||
r-release-macos-x86_64 | 1.1.1 | 27.00 | OK | |||
r-release-windows-x86_64 | 1.1.1 | 3.00 | 43.00 | 46.00 | OK | |
r-oldrel-macos-arm64 | 1.1.1 | 17.00 | OK | |||
r-oldrel-macos-x86_64 | 1.1.1 | 23.00 | OK | |||
r-oldrel-windows-x86_64 | 1.1.1 | 3.00 | 41.00 | 44.00 | OK |
Version: 1.1.1
Check: CRAN incoming feasibility
Result: NOTE
Maintainer: ‘Satoshi Takahashi <takahasi@lisboa.ics.nara-wu.ac.jp>’
No Authors@R field in DESCRIPTION.
Please add one, modifying
Authors@R: person(given = "Satoshi",
family = "Takahashi",
role = c("aut", "cre"),
email = "takahasi@lisboa.ics.nara-wu.ac.jp")
as necessary.
Flavors: r-devel-linux-x86_64-debian-clang, r-devel-linux-x86_64-debian-gcc