CRAN Package Check Results for Package IBrokers

Last updated on 2025-11-16 12:49:33 CET.

Flavor Version Tinstall Tcheck Ttotal Status Flags
r-devel-linux-x86_64-debian-clang 0.10-2 5.91 56.01 61.92 NOTE
r-devel-linux-x86_64-debian-gcc 0.10-2 3.86 44.17 48.03 NOTE
r-devel-linux-x86_64-fedora-clang 0.10-2 29.00 66.49 95.49 NOTE
r-devel-linux-x86_64-fedora-gcc 0.10-2 17.00 84.05 101.05 NOTE
r-devel-windows-x86_64 0.10-2 10.00 102.00 112.00 NOTE
r-patched-linux-x86_64 0.10-2 6.94 53.54 60.48 NOTE
r-release-linux-x86_64 0.10-2 4.98 53.33 58.31 NOTE
r-release-macos-arm64 0.10-2 3.00 48.00 51.00 NOTE
r-release-macos-x86_64 0.10-2 5.00 67.00 72.00 NOTE
r-release-windows-x86_64 0.10-2 8.00 102.00 110.00 NOTE
r-oldrel-macos-arm64 0.10-2 3.00 35.00 38.00 NOTE
r-oldrel-macos-x86_64 0.10-2 4.00 52.00 56.00 NOTE
r-oldrel-windows-x86_64 0.10-2 10.00 109.00 119.00 NOTE

Check Details

Version: 0.10-2
Check: Rd files
Result: NOTE checkRd: (-1) setServerLogLevel.Rd:20: Lost braces in \enumerate; meant \describe ? checkRd: (-1) setServerLogLevel.Rd:21: Lost braces in \enumerate; meant \describe ? checkRd: (-1) setServerLogLevel.Rd:22: Lost braces in \enumerate; meant \describe ? checkRd: (-1) setServerLogLevel.Rd:23: Lost braces in \enumerate; meant \describe ? checkRd: (-1) setServerLogLevel.Rd:24: Lost braces in \enumerate; meant \describe ? Flavors: r-devel-linux-x86_64-debian-clang, r-devel-linux-x86_64-debian-gcc, r-devel-linux-x86_64-fedora-clang, r-devel-linux-x86_64-fedora-gcc, r-devel-windows-x86_64, r-patched-linux-x86_64, r-release-linux-x86_64, r-release-macos-arm64, r-release-macos-x86_64, r-release-windows-x86_64, r-oldrel-macos-arm64, r-oldrel-macos-x86_64, r-oldrel-windows-x86_64