Last updated on 2024-06-27 16:49:06 CEST.
Flavor | Version | Tinstall | Tcheck | Ttotal | Status | Flags |
---|---|---|---|---|---|---|
r-devel-linux-x86_64-debian-clang | 0.1.4 | NOTE | ||||
r-devel-linux-x86_64-debian-gcc | 0.1.4 | 9.48 | 45.63 | 55.11 | NOTE | |
r-devel-linux-x86_64-fedora-clang | 0.1.4 | 92.04 | NOTE | |||
r-devel-linux-x86_64-fedora-gcc | 0.1.4 | 87.28 | NOTE | |||
r-devel-windows-x86_64 | 0.1.4 | 12.00 | 71.00 | 83.00 | NOTE | |
r-patched-linux-x86_64 | 0.1.4 | 9.72 | 58.51 | 68.23 | NOTE | |
r-release-linux-x86_64 | 0.1.4 | 11.85 | 58.25 | 70.10 | NOTE | |
r-release-macos-arm64 | 0.1.4 | 35.00 | NOTE | |||
r-release-macos-x86_64 | 0.1.4 | 58.00 | NOTE | |||
r-release-windows-x86_64 | 0.1.4 | 12.00 | 73.00 | 85.00 | NOTE | |
r-oldrel-macos-arm64 | 0.1.4 | 41.00 | OK | |||
r-oldrel-macos-x86_64 | 0.1.4 | 53.00 | OK | |||
r-oldrel-windows-x86_64 | 0.1.4 | 17.00 | 87.00 | 104.00 | OK |
Version: 0.1.4
Check: Rd files
Result: NOTE
checkRd: (-1) get_p.Rd:29: Lost braces; missing escapes or markup?
29 | \item A numeric p_norm, giving the factor between p_{gs} and phi_{0gs} (see paper for details).
| ^
checkRd: (-1) get_p.Rd:29: Lost braces; missing escapes or markup?
29 | \item A numeric p_norm, giving the factor between p_{gs} and phi_{0gs} (see paper for details).
| ^
Flavors: r-devel-linux-x86_64-debian-clang, r-devel-linux-x86_64-debian-gcc, r-devel-linux-x86_64-fedora-clang, r-devel-linux-x86_64-fedora-gcc, r-devel-windows-x86_64, r-patched-linux-x86_64, r-release-linux-x86_64, r-release-macos-arm64, r-release-macos-x86_64, r-release-windows-x86_64