Last updated on 2025-11-16 06:49:39 CET.
| Flavor | Version | Tinstall | Tcheck | Ttotal | Status | Flags |
|---|---|---|---|---|---|---|
| r-devel-linux-x86_64-debian-clang | 1.2.5 | 46.28 | 161.03 | 207.31 | NOTE | |
| r-devel-linux-x86_64-debian-gcc | 1.2.5 | 32.71 | 110.21 | 142.92 | NOTE | |
| r-devel-linux-x86_64-fedora-clang | 1.2.5 | 197.00 | 145.25 | 342.25 | NOTE | |
| r-devel-linux-x86_64-fedora-gcc | 1.2.5 | 104.00 | 223.94 | 327.94 | NOTE | |
| r-devel-windows-x86_64 | 1.2.5 | 46.00 | 160.00 | 206.00 | NOTE | |
| r-patched-linux-x86_64 | 1.2.5 | 38.69 | 155.49 | 194.18 | NOTE | |
| r-release-linux-x86_64 | 1.2.5 | 41.05 | 154.96 | 196.01 | NOTE | |
| r-release-macos-arm64 | 1.2.5 | 28.00 | 81.00 | 109.00 | NOTE | |
| r-release-macos-x86_64 | 1.2.5 | 50.00 | 168.00 | 218.00 | NOTE | |
| r-release-windows-x86_64 | 1.2.5 | 43.00 | 159.00 | 202.00 | NOTE | |
| r-oldrel-macos-arm64 | 1.2.5 | 31.00 | 77.00 | 108.00 | OK | |
| r-oldrel-macos-x86_64 | 1.2.5 | 39.00 | 113.00 | 152.00 | OK | |
| r-oldrel-windows-x86_64 | 1.2.5 | 57.00 | 216.00 | 273.00 | OK |
Version: 1.2.5
Check: DESCRIPTION meta-information
Result: NOTE
Missing dependency on R >= 4.1.0 because package code uses the pipe
|> or function shorthand \(...) syntax added in R 4.1.0.
File(s) using such syntax:
‘icd_lookup.R’
Flavors: r-devel-linux-x86_64-debian-clang, r-devel-linux-x86_64-debian-gcc, r-devel-linux-x86_64-fedora-clang, r-devel-linux-x86_64-fedora-gcc, r-devel-windows-x86_64, r-patched-linux-x86_64, r-release-linux-x86_64, r-release-macos-arm64, r-release-macos-x86_64, r-release-windows-x86_64
Version: 1.2.5
Check: CRAN incoming feasibility
Result: NOTE
Maintainer: ‘Ewan Donnachie <ewan@donnachie.net>’
The BugReports field in DESCRIPTION has
https://github.com/edonnachie/ICD10gm/issues/
which should likely be
https://github.com/edonnachie/ICD10gm/issues/issues
instead.
Flavor: r-devel-linux-x86_64-debian-gcc