Last updated on 2024-06-27 10:49:33 CEST.
Flavor | Version | Tinstall | Tcheck | Ttotal | Status | Flags |
---|---|---|---|---|---|---|
r-devel-linux-x86_64-debian-clang | 1.0.0 | OK | ||||
r-devel-linux-x86_64-debian-gcc | 1.0.0 | 5.89 | 49.05 | 54.94 | OK | |
r-devel-linux-x86_64-fedora-clang | 1.0.0 | 94.54 | NOTE | |||
r-devel-linux-x86_64-fedora-gcc | 1.0.0 | 87.62 | NOTE | |||
r-devel-windows-x86_64 | 1.0.0 | 7.00 | 81.00 | 88.00 | OK | |
r-patched-linux-x86_64 | 1.0.0 | 6.96 | 63.95 | 70.91 | OK | |
r-release-linux-x86_64 | 1.0.0 | 5.86 | 62.72 | 68.58 | OK | |
r-release-macos-arm64 | 1.0.0 | 28.00 | OK | |||
r-release-macos-x86_64 | 1.0.0 | 43.00 | OK | |||
r-release-windows-x86_64 | 1.0.0 | 8.00 | 82.00 | 90.00 | OK | |
r-oldrel-macos-arm64 | 1.0.0 | 32.00 | OK | |||
r-oldrel-macos-x86_64 | 1.0.0 | 46.00 | OK | |||
r-oldrel-windows-x86_64 | 1.0.0 | 9.00 | 99.00 | 108.00 | OK |
Version: 1.0.0
Check: dependencies in R code
Result: NOTE
Namespace in Imports field not imported from: ‘Rdpack’
All declared Imports should be used.
Flavors: r-devel-linux-x86_64-fedora-clang, r-devel-linux-x86_64-fedora-gcc