Last updated on 2024-06-27 16:49:06 CEST.
Flavor | Version | Tinstall | Tcheck | Ttotal | Status | Flags |
---|---|---|---|---|---|---|
r-devel-linux-x86_64-debian-clang | 1.1 | NOTE | ||||
r-devel-linux-x86_64-debian-gcc | 1.1 | 6.08 | 46.49 | 52.57 | NOTE | |
r-devel-linux-x86_64-fedora-clang | 1.1 | 88.13 | NOTE | |||
r-devel-linux-x86_64-fedora-gcc | 1.1 | 81.34 | NOTE | |||
r-devel-windows-x86_64 | 1.1 | 7.00 | 69.00 | 76.00 | NOTE | |
r-patched-linux-x86_64 | 1.1 | 7.31 | 57.51 | 64.82 | NOTE | |
r-release-linux-x86_64 | 1.1 | 4.60 | 57.93 | 62.53 | NOTE | |
r-release-macos-arm64 | 1.1 | 28.00 | NOTE | |||
r-release-macos-x86_64 | 1.1 | 41.00 | NOTE | |||
r-release-windows-x86_64 | 1.1 | 8.00 | 68.00 | 76.00 | NOTE | |
r-oldrel-macos-arm64 | 1.1 | 29.00 | NOTE | |||
r-oldrel-macos-x86_64 | 1.1 | 40.00 | NOTE | |||
r-oldrel-windows-x86_64 | 1.1 | 11.00 | 75.00 | 86.00 | NOTE |
Version: 1.1
Check: LazyData
Result: NOTE
'LazyData' is specified without a 'data' directory
Flavors: r-devel-linux-x86_64-debian-clang, r-devel-linux-x86_64-debian-gcc, r-devel-linux-x86_64-fedora-clang, r-devel-linux-x86_64-fedora-gcc, r-devel-windows-x86_64, r-patched-linux-x86_64, r-release-linux-x86_64, r-release-macos-arm64, r-release-macos-x86_64, r-release-windows-x86_64, r-oldrel-macos-arm64, r-oldrel-macos-x86_64, r-oldrel-windows-x86_64