Last updated on 2025-04-30 07:55:11 CEST.
Flavor | Version | Tinstall | Tcheck | Ttotal | Status | Flags |
---|---|---|---|---|---|---|
r-devel-linux-x86_64-debian-clang | 1.1 | 7.82 | 55.29 | 63.11 | OK | |
r-devel-linux-x86_64-debian-gcc | 1.1 | 4.98 | 38.72 | 43.70 | OK | |
r-devel-linux-x86_64-fedora-clang | 1.1 | 84.42 | OK | |||
r-devel-linux-x86_64-fedora-gcc | 1.1 | 81.07 | OK | |||
r-devel-windows-x86_64 | 1.1 | 9.00 | 72.00 | 81.00 | OK | |
r-patched-linux-x86_64 | 1.1 | 7.00 | 50.98 | 57.98 | OK | |
r-release-linux-x86_64 | 1.1 | 5.53 | 50.82 | 56.35 | OK | |
r-release-macos-arm64 | 1.1 | 27.00 | OK | |||
r-release-macos-x86_64 | 1.1 | 48.00 | OK | |||
r-release-windows-x86_64 | 1.1 | 8.00 | 70.00 | 78.00 | OK | |
r-oldrel-macos-arm64 | 1.1 | 28.00 | NOTE | |||
r-oldrel-macos-x86_64 | 1.1 | 41.00 | NOTE | |||
r-oldrel-windows-x86_64 | 1.1 | 14.00 | 84.00 | 98.00 | NOTE |
Version: 1.1
Check: LazyData
Result: NOTE
'LazyData' is specified without a 'data' directory
Flavors: r-oldrel-macos-arm64, r-oldrel-macos-x86_64, r-oldrel-windows-x86_64