Last updated on 2025-04-29 13:51:27 CEST.
Flavor | Version | Tinstall | Tcheck | Ttotal | Status | Flags |
---|---|---|---|---|---|---|
r-devel-linux-x86_64-debian-clang | 0.1.1 | 1.58 | 16.40 | 17.98 | NOTE | |
r-devel-linux-x86_64-debian-gcc | 0.1.1 | 1.32 | 13.03 | 14.35 | NOTE | |
r-devel-linux-x86_64-fedora-clang | 0.1.1 | 27.28 | OK | |||
r-devel-linux-x86_64-fedora-gcc | 0.1.1 | 26.65 | OK | |||
r-devel-windows-x86_64 | 0.1.1 | 2.00 | 34.00 | 36.00 | OK | |
r-patched-linux-x86_64 | 0.1.1 | 1.66 | 15.62 | 17.28 | OK | |
r-release-linux-x86_64 | 0.1.1 | 1.64 | 15.47 | 17.11 | OK | |
r-release-macos-arm64 | 0.1.1 | 14.00 | OK | |||
r-release-macos-x86_64 | 0.1.1 | 21.00 | OK | |||
r-release-windows-x86_64 | 0.1.1 | 2.00 | 34.00 | 36.00 | OK | |
r-oldrel-macos-arm64 | 0.1.1 | 14.00 | OK | |||
r-oldrel-macos-x86_64 | 0.1.1 | 25.00 | OK | |||
r-oldrel-windows-x86_64 | 0.1.1 | 3.00 | 34.00 | 37.00 | OK |
Version: 0.1.1
Check: CRAN incoming feasibility
Result: NOTE
Maintainer: ‘Nery Sofia Huerta-Pacheco <nehuerta@uv.mx>’
No Authors@R field in DESCRIPTION.
Please add one, modifying
Authors@R: person(given = c("Nery", "Sofia"),
family = "Huerta-Pacheco",
role = c("aut", "cre"),
email = "nehuerta@uv.mx")
as necessary.
Flavors: r-devel-linux-x86_64-debian-clang, r-devel-linux-x86_64-debian-gcc