CRAN Package Check Results for Package IMmailgun

Last updated on 2025-04-29 13:51:27 CEST.

Flavor Version Tinstall Tcheck Ttotal Status Flags
r-devel-linux-x86_64-debian-clang 0.1.2 2.37 17.35 19.72 NOTE
r-devel-linux-x86_64-debian-gcc 0.1.2 1.71 14.49 16.20 NOTE
r-devel-linux-x86_64-fedora-clang 0.1.2 29.14 OK
r-devel-linux-x86_64-fedora-gcc 0.1.2 27.98 OK
r-devel-windows-x86_64 0.1.2 3.00 37.00 40.00 OK
r-patched-linux-x86_64 0.1.2 2.46 15.61 18.07 OK
r-release-linux-x86_64 0.1.2 2.25 15.71 17.96 OK
r-release-macos-arm64 0.1.2 17.00 OK
r-release-macos-x86_64 0.1.2 26.00 OK
r-release-windows-x86_64 0.1.2 3.00 38.00 41.00 OK
r-oldrel-macos-arm64 0.1.2 15.00 NOTE
r-oldrel-macos-x86_64 0.1.2 19.00 NOTE
r-oldrel-windows-x86_64 0.1.2 4.00 38.00 42.00 NOTE

Check Details

Version: 0.1.2
Check: CRAN incoming feasibility
Result: NOTE Maintainer: ‘Ignacio Martinez <ignacio@protonmail.com>’ No Authors@R field in DESCRIPTION. Please add one, modifying Authors@R: person(given = "Ignacio", family = "Martinez", role = c("aut", "cre"), email = "ignacio@protonmail.com") as necessary. Flavors: r-devel-linux-x86_64-debian-clang, r-devel-linux-x86_64-debian-gcc

Version: 0.1.2
Check: LazyData
Result: NOTE 'LazyData' is specified without a 'data' directory Flavors: r-oldrel-macos-arm64, r-oldrel-macos-x86_64, r-oldrel-windows-x86_64