Last updated on 2025-11-16 06:49:40 CET.
| Flavor | Version | Tinstall | Tcheck | Ttotal | Status | Flags |
|---|---|---|---|---|---|---|
| r-devel-linux-x86_64-debian-clang | 0.1.12 | 12.59 | 106.08 | 118.67 | OK | |
| r-devel-linux-x86_64-debian-gcc | 0.1.12 | 9.85 | 81.31 | 91.16 | OK | |
| r-devel-linux-x86_64-fedora-clang | 0.1.12 | 41.00 | 143.34 | 184.34 | NOTE | |
| r-devel-linux-x86_64-fedora-gcc | 0.1.12 | 34.00 | 151.48 | 185.48 | NOTE | |
| r-devel-windows-x86_64 | 0.1.12 | 25.00 | 125.00 | 150.00 | OK | |
| r-patched-linux-x86_64 | 0.1.12 | 13.32 | 99.86 | 113.18 | OK | |
| r-release-linux-x86_64 | 0.1.12 | 11.89 | 101.34 | 113.23 | OK | |
| r-release-macos-arm64 | 0.1.12 | 8.00 | 66.00 | 74.00 | OK | |
| r-release-macos-x86_64 | 0.1.12 | 11.00 | 93.00 | 104.00 | OK | |
| r-release-windows-x86_64 | 0.1.12 | 20.00 | 103.00 | 123.00 | OK | |
| r-oldrel-macos-arm64 | 0.1.12 | 7.00 | 66.00 | 73.00 | NOTE | |
| r-oldrel-macos-x86_64 | 0.1.12 | 12.00 | 107.00 | 119.00 | NOTE | |
| r-oldrel-windows-x86_64 | 0.1.12 | 22.00 | 134.00 | 156.00 | OK |
Version: 0.1.12
Check: compiled code
Result: NOTE
File ‘INLAspacetime/libs/INLAspacetime.so’:
Found no calls to: ‘R_registerRoutines’, ‘R_useDynamicSymbols’
It is good practice to register native routines and to disable symbol
search.
See ‘Writing portable packages’ in the ‘Writing R Extensions’ manual.
Flavors: r-devel-linux-x86_64-fedora-clang, r-devel-linux-x86_64-fedora-gcc
Version: 0.1.12
Check: package dependencies
Result: NOTE
Package suggested but not available for checking: ‘INLA’
Flavors: r-oldrel-macos-arm64, r-oldrel-macos-x86_64
Version: 0.1.12
Check: Rd cross-references
Result: NOTE
Package unavailable to check Rd xrefs: ‘INLA’
Flavors: r-oldrel-macos-arm64, r-oldrel-macos-x86_64