CRAN Package Check Results for Package INQC

Last updated on 2025-04-29 13:51:27 CEST.

Flavor Version Tinstall Tcheck Ttotal Status Flags
r-devel-linux-x86_64-debian-clang 2.0.5 5.10 47.13 52.23 NOTE
r-devel-linux-x86_64-debian-gcc 2.0.5 3.02 32.91 35.93 OK
r-devel-linux-x86_64-fedora-clang 2.0.5 79.69 OK
r-devel-linux-x86_64-fedora-gcc 2.0.5 77.38 OK
r-devel-windows-x86_64 2.0.5 7.00 71.00 78.00 OK
r-patched-linux-x86_64 2.0.5 5.42 43.76 49.18 OK
r-release-linux-x86_64 2.0.5 4.82 43.45 48.27 OK
r-release-macos-arm64 2.0.5 27.00 OK
r-release-macos-x86_64 2.0.5 59.00 OK
r-release-windows-x86_64 2.0.5 6.00 77.00 83.00 OK
r-oldrel-macos-arm64 2.0.5 24.00 OK
r-oldrel-macos-x86_64 2.0.5 39.00 OK
r-oldrel-windows-x86_64 2.0.5 7.00 83.00 90.00 OK

Check Details

Version: 2.0.5
Check: examples
Result: NOTE Examples with CPU (user + system) or elapsed time > 5s user system elapsed inqc 6.33 0.136 8.43 Flavor: r-devel-linux-x86_64-debian-clang