CRAN Package Check Results for Package IRTBEMM

Last updated on 2025-04-29 13:51:27 CEST.

Flavor Version Tinstall Tcheck Ttotal Status Flags
r-devel-linux-x86_64-debian-clang 1.0.8 5.75 50.40 56.15 NOTE
r-devel-linux-x86_64-debian-gcc 1.0.8 4.02 34.82 38.84 OK
r-devel-linux-x86_64-fedora-clang 1.0.8 89.21 OK
r-devel-linux-x86_64-fedora-gcc 1.0.8 86.48 OK
r-devel-windows-x86_64 1.0.8 7.00 62.00 69.00 OK
r-patched-linux-x86_64 1.0.8 6.43 45.93 52.36 OK
r-release-linux-x86_64 1.0.8 5.22 46.65 51.87 OK
r-release-macos-arm64 1.0.8 25.00 OK
r-release-macos-x86_64 1.0.8 45.00 OK
r-release-windows-x86_64 1.0.8 7.00 60.00 67.00 OK
r-oldrel-macos-arm64 1.0.8 24.00 OK
r-oldrel-macos-x86_64 1.0.8 41.00 OK
r-oldrel-windows-x86_64 1.0.8 7.00 60.00 67.00 OK

Check Details

Version: 1.0.8
Check: examples
Result: NOTE Examples with CPU (user + system) or elapsed time > 5s user system elapsed BEMM.4PL 5.905 0.026 6.776 Flavor: r-devel-linux-x86_64-debian-clang