Last updated on 2025-11-16 18:49:33 CET.
| Flavor | Version | Tinstall | Tcheck | Ttotal | Status | Flags |
|---|---|---|---|---|---|---|
| r-devel-linux-x86_64-debian-clang | 1.3.2 | 4.22 | 41.68 | 45.90 | OK | |
| r-devel-linux-x86_64-debian-gcc | 1.3.2 | 4.06 | 31.49 | 35.55 | NOTE | |
| r-devel-linux-x86_64-fedora-clang | 1.3.2 | 31.00 | 41.91 | 72.91 | OK | |
| r-devel-linux-x86_64-fedora-gcc | 1.3.2 | 14.00 | 52.29 | 66.29 | OK | |
| r-devel-windows-x86_64 | 1.3.2 | 8.00 | 59.00 | 67.00 | OK | |
| r-patched-linux-x86_64 | 1.3.2 | 5.50 | 37.60 | 43.10 | OK | |
| r-release-linux-x86_64 | 1.3.2 | 5.36 | 37.87 | 43.23 | OK | |
| r-release-macos-arm64 | 1.3.2 | 4.00 | 24.00 | 28.00 | OK | |
| r-release-macos-x86_64 | 1.3.2 | 5.00 | 47.00 | 52.00 | OK | |
| r-release-windows-x86_64 | 1.3.2 | 7.00 | 51.00 | 58.00 | OK | |
| r-oldrel-macos-arm64 | 1.3.2 | 2.00 | 20.00 | 22.00 | OK | |
| r-oldrel-macos-x86_64 | 1.3.2 | 4.00 | 30.00 | 34.00 | OK | |
| r-oldrel-windows-x86_64 | 1.3.2 | 9.00 | 62.00 | 71.00 | OK |
Version: 1.3.2
Check: CRAN incoming feasibility
Result: NOTE
Maintainer: ‘Philipp Angerer <phil.angerer@gmail.com>’
The BugReports field in DESCRIPTION has
https://github.com/IRkernel/IRkernel/issues/
which should likely be
https://github.com/IRkernel/IRkernel/issues/issues
instead.
Flavor: r-devel-linux-x86_64-debian-gcc