Last updated on 2025-04-29 13:51:27 CEST.
Flavor | Version | Tinstall | Tcheck | Ttotal | Status | Flags |
---|---|---|---|---|---|---|
r-devel-linux-x86_64-debian-clang | 0.2.0 | 4.46 | 25.07 | 29.53 | NOTE | |
r-devel-linux-x86_64-debian-gcc | 0.2.0 | 2.48 | 18.30 | 20.78 | NOTE | |
r-devel-linux-x86_64-fedora-clang | 0.2.0 | 45.25 | OK | |||
r-devel-linux-x86_64-fedora-gcc | 0.2.0 | 42.82 | OK | |||
r-devel-windows-x86_64 | 0.2.0 | 4.00 | 40.00 | 44.00 | OK | |
r-patched-linux-x86_64 | 0.2.0 | 4.42 | 23.75 | 28.17 | OK | |
r-release-linux-x86_64 | 0.2.0 | 4.01 | 23.34 | 27.35 | OK | |
r-release-macos-arm64 | 0.2.0 | 18.00 | OK | |||
r-release-macos-x86_64 | 0.2.0 | 27.00 | OK | |||
r-release-windows-x86_64 | 0.2.0 | 5.00 | 39.00 | 44.00 | OK | |
r-oldrel-macos-arm64 | 0.2.0 | 16.00 | OK | |||
r-oldrel-macos-x86_64 | 0.2.0 | 23.00 | OK | |||
r-oldrel-windows-x86_64 | 0.2.0 | 5.00 | 39.00 | 44.00 | OK |
Version: 0.2.0
Check: CRAN incoming feasibility
Result: NOTE
Maintainer: ‘Nicole Schwitter <Nicole.Schwitter.1@warwick.ac.uk>’
No Authors@R field in DESCRIPTION.
Please add one, modifying
Authors@R: person(given = "Nicole",
family = "Schwitter",
role = c("aut", "cre"),
email = "nicole.schwitter.1@warwick.ac.uk")
as necessary.
Flavors: r-devel-linux-x86_64-debian-clang, r-devel-linux-x86_64-debian-gcc