Last updated on 2025-05-17 07:50:21 CEST.
Flavor | Version | Tinstall | Tcheck | Ttotal | Status | Flags |
---|---|---|---|---|---|---|
r-devel-linux-x86_64-debian-clang | 1.4.0 | 9.39 | 83.51 | 92.90 | NOTE | |
r-devel-linux-x86_64-debian-gcc | 1.4.0 | 7.63 | 56.15 | 63.78 | NOTE | |
r-devel-linux-x86_64-fedora-clang | 1.4.0 | 146.60 | OK | |||
r-devel-linux-x86_64-fedora-gcc | 1.4.0 | 150.39 | OK | |||
r-devel-windows-x86_64 | 1.4.0 | 12.00 | 96.00 | 108.00 | NOTE | |
r-patched-linux-x86_64 | 1.4.0 | 12.23 | 77.57 | 89.80 | NOTE | |
r-release-linux-x86_64 | 1.4.0 | 10.45 | 77.19 | 87.64 | NOTE | |
r-release-macos-arm64 | 1.4.0 | 40.00 | OK | |||
r-release-macos-x86_64 | 1.4.0 | 90.00 | OK | |||
r-release-windows-x86_64 | 1.4.0 | 12.00 | 97.00 | 109.00 | NOTE | |
r-oldrel-macos-arm64 | 1.4.0 | 39.00 | OK | |||
r-oldrel-macos-x86_64 | 1.4.0 | 60.00 | OK | |||
r-oldrel-windows-x86_64 | 1.4.0 | 16.00 | 119.00 | 135.00 | OK |
Version: 1.4.0
Check: CRAN incoming feasibility
Result: NOTE
Maintainer: ‘Zehang Richard Li <lizehang@gmail.com>’
No Authors@R field in DESCRIPTION.
Please add one, modifying
Authors@R: c(person(given = c("Zehang", "Richard"),
family = "Li",
role = c("aut", "cre"),
email = "lizehang@gmail.com"),
person(given = "Tyler",
family = "McCormick",
role = "aut"),
person(given = "Sam",
family = "Clark",
role = "aut"))
as necessary.
Flavors: r-devel-linux-x86_64-debian-clang, r-devel-linux-x86_64-debian-gcc
Version: 1.4.0
Check: Rd cross-references
Result: NOTE
Found the following Rd file(s) with Rd \link{} targets missing package
anchors:
csmf.diag.Rd: heidel.diag, gelman.diag
Please provide package anchors for all Rd \link{} targets not in the
package itself and the base packages.
Flavors: r-devel-linux-x86_64-debian-clang, r-devel-linux-x86_64-debian-gcc, r-devel-windows-x86_64, r-patched-linux-x86_64, r-release-linux-x86_64, r-release-windows-x86_64