CRAN Package Check Results for Package IncDTW

Last updated on 2025-10-02 16:48:41 CEST.

Flavor Version Tinstall Tcheck Ttotal Status Flags
r-devel-linux-x86_64-debian-clang 1.1.4.4 91.89 95.94 187.83 WARN
r-devel-linux-x86_64-debian-gcc 1.1.4.4 50.91 66.41 117.32 WARN
r-devel-linux-x86_64-fedora-clang 1.1.4.4 317.72 NOTE
r-devel-linux-x86_64-fedora-gcc 1.1.4.4 310.80 NOTE
r-devel-windows-x86_64 1.1.4.4 95.00 119.00 214.00 NOTE
r-patched-linux-x86_64 1.1.4.4 80.81 88.55 169.36 NOTE
r-release-linux-x86_64 1.1.4.4 80.19 89.58 169.77 NOTE
r-release-macos-arm64 1.1.4.4 85.00 NOTE
r-release-macos-x86_64 1.1.4.4 103.00 NOTE
r-release-windows-x86_64 1.1.4.4 95.00 118.00 213.00 NOTE
r-oldrel-macos-arm64 1.1.4.4 44.00 NOTE
r-oldrel-macos-x86_64 1.1.4.4 66.00 NOTE
r-oldrel-windows-x86_64 1.1.4.4 116.00 154.00 270.00 NOTE

Check Details

Version: 1.1.4.4
Check: CRAN incoming feasibility
Result: NOTE Maintainer: ‘Maximilian Leodolter <maximilian.leodolter@gmail.com>’ No Authors@R field in DESCRIPTION. Please add one, modifying Authors@R: person(given = "Maximilian", family = "Leodolter", role = c("aut", "cre"), email = "maximilian.leodolter@gmail.com") as necessary. Flavors: r-devel-linux-x86_64-debian-clang, r-devel-linux-x86_64-debian-gcc

Version: 1.1.4.4
Check: whether package can be installed
Result: WARN Found the following significant warnings: /home/hornik/tmp/R.check/r-devel-clang/Work/build/Packages/RcppArmadillo/include/RcppArmadillo/version/arma.h:66:17: warning: Using fallback compilation with Armadillo 14.6.3. Please consider defining -DARMA_USE_CURRENT and also removing C++11 compilation directive. See GitHub issue #475 for more. [-W#pragma-messages] See ‘/home/hornik/tmp/R.check/r-devel-clang/Work/PKGS/IncDTW.Rcheck/00install.out’ for details. * used C compiler: ‘Debian clang version 19.1.7 (3+b2)’ * used C++ compiler: ‘Debian clang version 19.1.7 (3+b2)’ Flavor: r-devel-linux-x86_64-debian-clang

Version: 1.1.4.4
Check: C++ specification
Result: NOTE Specified C++11: please drop specification unless essential Flavors: r-devel-linux-x86_64-debian-clang, r-devel-linux-x86_64-debian-gcc, r-devel-linux-x86_64-fedora-clang, r-devel-linux-x86_64-fedora-gcc, r-devel-windows-x86_64, r-patched-linux-x86_64, r-release-linux-x86_64, r-release-macos-arm64, r-release-macos-x86_64, r-release-windows-x86_64, r-oldrel-macos-arm64, r-oldrel-macos-x86_64, r-oldrel-windows-x86_64

Version: 1.1.4.4
Check: whether package can be installed
Result: WARN Found the following significant warnings: /home/hornik/tmp/R.check/r-devel-gcc/Work/build/Packages/RcppArmadillo/include/RcppArmadillo/version/arma.h:66:199: note: ‘#pragma message: Using fallback compilation with Armadillo 14.6.3. Please consider defining -DARMA_USE_CURRENT and also removing C++11 compilation directive. See GitHub issue #475 for more.’ See ‘/home/hornik/tmp/R.check/r-devel-gcc/Work/PKGS/IncDTW.Rcheck/00install.out’ for details. * used C compiler: ‘gcc-15 (Debian 15.2.0-4) 15.2.0’ * used C++ compiler: ‘g++-15 (Debian 15.2.0-4) 15.2.0’ Flavor: r-devel-linux-x86_64-debian-gcc

Version: 1.1.4.4
Check: installed package size
Result: NOTE installed size is 7.8Mb sub-directories of 1Mb or more: libs 6.0Mb Flavors: r-oldrel-macos-arm64, r-oldrel-macos-x86_64

Version: 1.1.4.4
Check: for GNU extensions in Makefiles
Result: NOTE GNU make is a SystemRequirements. Flavors: r-oldrel-macos-arm64, r-oldrel-macos-x86_64, r-oldrel-windows-x86_64