Last updated on 2025-10-02 16:48:41 CEST.
Flavor | Version | Tinstall | Tcheck | Ttotal | Status | Flags |
---|---|---|---|---|---|---|
r-devel-linux-x86_64-debian-clang | 1.0.1 | 12.60 | 90.49 | 103.09 | NOTE | |
r-devel-linux-x86_64-debian-gcc | 1.0.1 | 11.41 | 78.19 | 89.60 | NOTE | |
r-devel-linux-x86_64-fedora-clang | 1.0.1 | 163.03 | OK | |||
r-devel-linux-x86_64-fedora-gcc | 1.0.1 | 155.74 | OK | |||
r-devel-windows-x86_64 | 1.0.1 | 11.00 | 79.00 | 90.00 | OK | |
r-patched-linux-x86_64 | 1.0.1 | 12.79 | 84.37 | 97.16 | OK | |
r-release-linux-x86_64 | 1.0.1 | 12.07 | 84.53 | 96.60 | OK | |
r-release-macos-arm64 | 1.0.1 | 98.00 | OK | |||
r-release-macos-x86_64 | 1.0.1 | 204.00 | OK | |||
r-release-windows-x86_64 | 1.0.1 | 11.00 | 81.00 | 92.00 | OK | |
r-oldrel-macos-arm64 | 1.0.1 | 57.00 | OK | |||
r-oldrel-macos-x86_64 | 1.0.1 | 69.00 | OK | |||
r-oldrel-windows-x86_64 | 1.0.1 | 14.00 | 94.00 | 108.00 | OK |
Version: 1.0.1
Check: CRAN incoming feasibility
Result: NOTE
Maintainer: ‘Olivier LE GOFF <olivierlegoff1@gmail.com>’
No Authors@R field in DESCRIPTION.
Please add one, modifying
Authors@R: person(given = c("Olivier", "LE"),
family = "GOFF",
role = c("aut", "cre"),
email = "olivierlegoff1@gmail.com")
as necessary.
Package CITATION file contains call(s) to old-style personList() or
as.personList(). Please use c() on person objects instead.
Package CITATION file contains call(s) to old-style citEntry(). Please
use bibentry() instead.
Flavors: r-devel-linux-x86_64-debian-clang, r-devel-linux-x86_64-debian-gcc