Last updated on 2025-11-16 00:48:35 CET.
| Flavor | Version | Tinstall | Tcheck | Ttotal | Status | Flags |
|---|---|---|---|---|---|---|
| r-devel-linux-x86_64-debian-clang | 0.8 | 8.13 | 64.34 | 72.47 | NOTE | |
| r-devel-linux-x86_64-debian-gcc | 0.8 | 5.33 | 48.96 | 54.29 | NOTE | |
| r-devel-linux-x86_64-fedora-clang | 0.8 | 28.00 | 89.42 | 117.42 | OK | |
| r-devel-linux-x86_64-fedora-gcc | 0.8 | 38.00 | 73.31 | 111.31 | OK | |
| r-devel-windows-x86_64 | 0.8 | 12.00 | 73.00 | 85.00 | OK | |
| r-patched-linux-x86_64 | 0.8 | 7.67 | 64.05 | 71.72 | OK | |
| r-release-linux-x86_64 | 0.8 | 7.50 | 62.50 | 70.00 | OK | |
| r-release-macos-arm64 | 0.8 | 4.00 | 32.00 | 36.00 | OK | |
| r-release-macos-x86_64 | 0.8 | 9.00 | 62.00 | 71.00 | OK | |
| r-release-windows-x86_64 | 0.8 | 10.00 | 74.00 | 84.00 | OK | |
| r-oldrel-macos-arm64 | 0.8 | 4.00 | 29.00 | 33.00 | OK | |
| r-oldrel-macos-x86_64 | 0.8 | 10.00 | 52.00 | 62.00 | OK | |
| r-oldrel-windows-x86_64 | 0.8 | 12.00 | 87.00 | 99.00 | OK |
Version: 0.8
Check: CRAN incoming feasibility
Result: NOTE
Maintainer: ‘Nicolai Meinshausen <meinshausen@stat.math.ethz.ch>’
No Authors@R field in DESCRIPTION.
Please add one, modifying
Authors@R: person(given = "Nicolai",
family = "Meinshausen",
role = c("aut", "cre"),
email = "meinshausen@stat.math.ethz.ch")
as necessary.
Flavors: r-devel-linux-x86_64-debian-clang, r-devel-linux-x86_64-debian-gcc