Last updated on 2025-11-16 12:49:34 CET.
| Flavor | Version | Tinstall | Tcheck | Ttotal | Status | Flags |
|---|---|---|---|---|---|---|
| r-devel-linux-x86_64-debian-clang | 2.1.0 | 167.32 | 729.08 | 896.40 | OK | |
| r-devel-linux-x86_64-debian-gcc | 2.1.0 | 105.56 | 421.66 | 527.22 | OK | |
| r-devel-linux-x86_64-fedora-clang | 2.1.0 | 1380.00 | 300.37 | 1680.37 | OK | |
| r-devel-linux-x86_64-fedora-gcc | 2.1.0 | 398.00 | 1137.19 | 1535.19 | OK | |
| r-devel-windows-x86_64 | 2.1.0 | 203.00 | 689.00 | 892.00 | OK | |
| r-patched-linux-x86_64 | 2.1.0 | 165.68 | 695.13 | 860.81 | OK | |
| r-release-linux-x86_64 | 2.1.0 | 162.18 | 694.24 | 856.42 | OK | |
| r-release-macos-arm64 | 2.1.0 | 61.00 | 333.00 | 394.00 | OK | |
| r-release-macos-x86_64 | 2.1.0 | 71.00 | 751.00 | 822.00 | OK | |
| r-release-windows-x86_64 | 2.1.0 | 175.00 | 681.00 | 856.00 | OK | |
| r-oldrel-macos-arm64 | 2.1.0 | 62.00 | 312.00 | 374.00 | NOTE | |
| r-oldrel-macos-x86_64 | 2.1.0 | 63.00 | 743.00 | 806.00 | NOTE | |
| r-oldrel-windows-x86_64 | 2.1.0 | 224.00 | 902.00 | 1126.00 | OK |
Version: 2.1.0
Check: installed package size
Result: NOTE
installed size is 9.6Mb
sub-directories of 1Mb or more:
libs 9.1Mb
Flavors: r-oldrel-macos-arm64, r-oldrel-macos-x86_64